[Sat Jul 25 01:42:39.055012 2026] [core:error] [pid 1978272:tid 1978287] (13)Permission denied: [client 82.102.18.222:49988] AH00132: file permissions deny server access: /home/chammascorretora/public_html/wp-content/plugins/fmghvodcvz/configLDI/Jump/0-chammascorretora/wp-content/plugins/fmghvodcvz/configLDI/Jump/0-chammascorretora/wp-content/plugins/fmghvodcvz/configLDI/Jump/0-fundacao/ALFA_DATA/alfasymlink/root/home/grupolubru/www/ALFA_DATA/alfasymlink/root/proc/1626/task/7414/patch_state
[Sat Jul 25 01:42:39.194780 2026] [core:error] [pid 1978272:tid 1978293] (13)Permission denied: [client 82.102.18.222:49988] AH00132: file permissions deny server access: /home/chammascorretora/public_html/wp-content/plugins/fmghvodcvz/configLDI/Jump/0-chammascorretora/wp-content/plugins/fmghvodcvz/configLDI/Jump/0-chammascorretora/wp-content/plugins/fmghvodcvz/configLDI/Jump/0-fundacao/ALFA_DATA/alfasymlink/root/home/grupolubru/www/ALFA_DATA/alfasymlink/root/proc/1626/task/7414/personality
[Sat Jul 25 01:42:39.231104 2026] [authz_core:error] [pid 1956488:tid 1956550] [client 57.141.18.73:28540] AH01630: client denied by server configuration: /home/fundacao/public_html/error_log
[Sat Jul 25 01:42:39.283327 2026] [core:error] [pid 1991748:tid 1991775] (13)Permission denied: [client 216.73.217.106:1749] AH00132: file permissions deny server access: /home/grupolubru/public_html/ALFA_DATA/alfasymlink/root/proc/993/mountstats
[Sat Jul 25 01:42:39.322884 2026] [authz_core:error] [pid 1956489:tid 1956607] [client 185.177.72.100:46652] AH01630: client denied by server configuration: /home/samurai/public_html/error_log
[Sat Jul 25 01:42:39.536490 2026] [authz_core:error] [pid 1956487:tid 1956518] [client 57.141.18.110:48900] AH01630: client denied by server configuration: /home/fundacao/public_html/error_log
[Sat Jul 25 01:42:39.656289 2026] [authz_core:error] [pid 1978272:tid 1978301] [client 185.177.72.100:46654] AH01630: client denied by server configuration: /home/samurai/public_html/error_log
[Sat Jul 25 01:42:39.725395 2026] [core:error] [pid 1991748:tid 1991775] (13)Permission denied: [client 216.73.217.106:1749] AH00132: file permissions deny server access: /home/grupolubru/public_html/ALFA_DATA/alfasymlink/root/proc/1962/syscall
[Sat Jul 25 01:42:39.948258 2026] [authz_core:error] [pid 1956490:tid 1956624] [client 74.7.242.16:52930] AH01630: client denied by server configuration: /home/chammascorretora/public_html/wp-content/plugins/fmghvodcvz/configLDI/Jump/0-lpidealineweb/wp-includes/html-api/error_log, referer: http://www.chammascorretora.com.br/wp-content/plugins/fmghvodcvz/configLDI/Jump/0-lpidealineweb/wp-includes/html-api/?C=S;O=A
[Sat Jul 25 01:42:39.962925 2026] [authz_core:error] [pid 1978272:tid 1978282] [client 185.177.72.100:46660] AH01630: client denied by server configuration: /home/samurai/public_html/error_log
[Sat Jul 25 01:42:40.014878 2026] [core:error] [pid 1978272:tid 1978303] (13)Permission denied: [client 82.102.18.222:49988] AH00132: file permissions deny server access: /home/chammascorretora/public_html/wp-content/plugins/fmghvodcvz/configLDI/Jump/0-chammascorretora/wp-content/plugins/fmghvodcvz/configLDI/Jump/0-chammascorretora/wp-content/plugins/fmghvodcvz/configLDI/Jump/0-fundacao/ALFA_DATA/alfasymlink/root/home/grupolubru/www/ALFA_DATA/alfasymlink/root/proc/1626/task/7414/smaps
[Sat Jul 25 01:42:40.151683 2026] [core:error] [pid 1978272:tid 1978293] (13)Permission denied: [client 82.102.18.222:49988] AH00132: file permissions deny server access: /home/chammascorretora/public_html/wp-content/plugins/fmghvodcvz/configLDI/Jump/0-chammascorretora/wp-content/plugins/fmghvodcvz/configLDI/Jump/0-chammascorretora/wp-content/plugins/fmghvodcvz/configLDI/Jump/0-fundacao/ALFA_DATA/alfasymlink/root/home/grupolubru/www/ALFA_DATA/alfasymlink/root/proc/1626/task/7414/smaps_rollup
[Sat Jul 25 01:42:40.288580 2026] [core:error] [pid 1978272:tid 1978302] (13)Permission denied: [client 82.102.18.222:49988] AH00132: file permissions deny server access: /home/chammascorretora/public_html/wp-content/plugins/fmghvodcvz/configLDI/Jump/0-chammascorretora/wp-content/plugins/fmghvodcvz/configLDI/Jump/0-chammascorretora/wp-content/plugins/fmghvodcvz/configLDI/Jump/0-fundacao/ALFA_DATA/alfasymlink/root/home/grupolubru/www/ALFA_DATA/alfasymlink/root/proc/1626/task/7414/stack
[Sat Jul 25 01:42:40.291254 2026] [authz_core:error] [pid 1956489:tid 1956634] [client 185.177.72.100:46662] AH01630: client denied by server configuration: /home/samurai/public_html/error_log
[Sat Jul 25 01:42:40.409734 2026] [authz_core:error] [pid 1978272:tid 1978298] [client 57.141.18.99:53414] AH01630: client denied by server configuration: /home/fundacao/public_html/error_log
[Sat Jul 25 01:42:40.505176 2026] [authz_core:error] [pid 1956490:tid 1956620] [client 74.7.242.16:52930] AH01630: client denied by server configuration: /home/chammascorretora/public_html/wp-content/plugins/fmghvodcvz/configLDI/Jump/0-lpidealineweb/wp-includes/html-api/error_log, referer: http://www.chammascorretora.com.br/wp-content/plugins/fmghvodcvz/configLDI/Jump/0-lpidealineweb/wp-includes/html-api/?C=D;O=A
[Sat Jul 25 01:42:40.543366 2026] [core:error] [pid 1978272:tid 1978281] (13)Permission denied: [client 216.73.217.106:27105] AH00132: file permissions deny server access: /home/grupolubru/public_html/ALFA_DATA/alfasymlink/root/sys/module/crc32c_intel/uevent
[Sat Jul 25 01:42:40.631083 2026] [authz_core:error] [pid 1978272:tid 1978287] [client 185.177.72.100:46672] AH01630: client denied by server configuration: /home/samurai/public_html/error_log
[Sat Jul 25 01:42:40.740072 2026] [authz_core:error] [pid 1956487:tid 1956507] [client 57.141.18.43:25538] AH01630: client denied by server configuration: /home/fundacao/public_html/error_log
[Sat Jul 25 01:42:40.745088 2026] [authz_core:error] [pid 1991748:tid 1991771] [client 57.141.18.50:52056] AH01630: client denied by server configuration: /home/fundacao/public_html/error_log
[Sat Jul 25 01:42:40.850616 2026] [core:error] [pid 1978272:tid 1978284] (13)Permission denied: [client 82.102.18.222:49988] AH00132: file permissions deny server access: /home/chammascorretora/public_html/wp-content/plugins/fmghvodcvz/configLDI/Jump/0-chammascorretora/wp-content/plugins/fmghvodcvz/configLDI/Jump/0-chammascorretora/wp-content/plugins/fmghvodcvz/configLDI/Jump/0-fundacao/ALFA_DATA/alfasymlink/root/home/grupolubru/www/ALFA_DATA/alfasymlink/root/proc/1626/task/7414/syscall
[Sat Jul 25 01:42:40.956556 2026] [authz_core:error] [pid 1978272:tid 1978305] [client 54.37.86.223:50654] AH01630: client denied by server configuration: /home/chammascorretora/public_html/wp-includes/style-engine/error_log
[Sat Jul 25 01:42:40.974890 2026] [authz_core:error] [pid 1991748:tid 1991757] [client 185.177.72.100:46680] AH01630: client denied by server configuration: /home/samurai/public_html/error_log
[Sat Jul 25 01:42:41.090501 2026] [core:error] [pid 1978272:tid 1978286] (13)Permission denied: [client 216.73.217.106:27105] AH00132: file permissions deny server access: /home/grupolubru/public_html/ALFA_DATA/alfasymlink/root/proc/1732/maps
[Sat Jul 25 01:42:41.124988 2026] [authz_core:error] [pid 1956490:tid 1956631] [client 74.7.242.16:52930] AH01630: client denied by server configuration: /home/chammascorretora/public_html/wp-content/plugins/fmghvodcvz/configLDI/Jump/0-lpidealineweb/wp-includes/html-api/error_log, referer: http://www.chammascorretora.com.br/wp-content/plugins/fmghvodcvz/configLDI/Jump/0-lpidealineweb/wp-includes/html-api/?C=D;O=A
[Sat Jul 25 01:42:41.263393 2026] [core:crit] [pid 1978272:tid 1978287] (13)Permission denied: [client 82.102.18.222:49988] AH00529: /home/chammascorretora/public_html/wp-content/plugins/fmghvodcvz/configLDI/Jump/0-chammascorretora/wp-content/plugins/fmghvodcvz/configLDI/Jump/0-chammascorretora/wp-content/plugins/fmghvodcvz/configLDI/Jump/0-fundacao/ALFA_DATA/alfasymlink/root/home/grupolubru/www/ALFA_DATA/alfasymlink/root/proc/1626/task/7415/fd/.htaccess pcfg_openfile: unable to check htaccess file, ensure it is readable and that '/home/chammascorretora/public_html/wp-content/plugins/fmghvodcvz/configLDI/Jump/0-chammascorretora/wp-content/plugins/fmghvodcvz/configLDI/Jump/0-chammascorretora/wp-content/plugins/fmghvodcvz/configLDI/Jump/0-fundacao/ALFA_DATA/alfasymlink/root/home/grupolubru/www/ALFA_DATA/alfasymlink/root/proc/1626/task/7415/fd/' is executable
[Sat Jul 25 01:42:41.276371 2026] [core:error] [pid 1978272:tid 1978303] (13)Permission denied: [client 216.73.217.106:27105] AH00132: file permissions deny server access: /home/grupolubru/public_html/ALFA_DATA/alfasymlink/root/proc/1727/syscall
[Sat Jul 25 01:42:41.296368 2026] [authz_core:error] [pid 1956488:tid 1956543] [client 185.177.72.100:46684] AH01630: client denied by server configuration: /home/samurai/public_html/error_log
[Sat Jul 25 01:42:41.319143 2026] [authz_core:error] [pid 1956487:tid 1956513] [client 57.141.18.62:32698] AH01630: client denied by server configuration: /home/fundacao/public_html/error_log
[Sat Jul 25 01:42:41.602845 2026] [authz_core:error] [pid 1991748:tid 1991766] [client 185.177.72.100:46700] AH01630: client denied by server configuration: /home/samurai/public_html/error_log
[Sat Jul 25 01:42:41.910587 2026] [core:error] [pid 1991748:tid 1991763] (13)Permission denied: [client 216.73.217.106:1749] AH00132: file permissions deny server access: /home/grupolubru/public_html/ALFA_DATA/alfasymlink/root/sys/module/pstore/uevent
[Sat Jul 25 01:42:41.917732 2026] [authz_core:error] [pid 1991748:tid 1991766] [client 185.177.72.100:46702] AH01630: client denied by server configuration: /home/samurai/public_html/error_log
[Sat Jul 25 01:42:42.183685 2026] [core:error] [pid 1991748:tid 1991766] (13)Permission denied: [client 216.73.217.106:1749] AH00132: file permissions deny server access: /home/grupolubru/public_html/ALFA_DATA/alfasymlink/root/proc/48/mountstats
[Sat Jul 25 01:42:42.226049 2026] [authz_core:error] [pid 1956487:tid 1956524] [client 185.177.72.100:46708] AH01630: client denied by server configuration: /home/samurai/public_html/error_log
[Sat Jul 25 01:42:42.366256 2026] [ssl:error] [pid 1991748:tid 1991763] (70014)End of file found: [client 216.73.217.106:1749] AH02013: coalesce failed to read from data bucket
[Sat Jul 25 01:42:42.431126 2026] [authz_core:error] [pid 1978272:tid 1978284] [client 74.7.242.63:34026] AH01630: client denied by server configuration: /home/gjpengenharia/public_html/wp-includes/sodium_compat/src/Core/ChaCha20/error_log, referer: https://gjpengenharia.eng.br/wp-includes/sodium_compat/src/Core/ChaCha20/?C=M;O=A
[Sat Jul 25 01:42:42.473633 2026] [authz_core:error] [pid 1978272:tid 1978304] [client 54.37.86.223:50654] AH01630: client denied by server configuration: /home/chammascorretora/public_html/wp-includes/theme-compat/error_log
[Sat Jul 25 01:42:42.510655 2026] [core:error] [pid 1978272:tid 1978281] (13)Permission denied: [client 82.102.18.222:49988] AH00132: file permissions deny server access: /home/chammascorretora/public_html/wp-content/plugins/fmghvodcvz/configLDI/Jump/0-chammascorretora/wp-content/plugins/fmghvodcvz/configLDI/Jump/0-chammascorretora/wp-content/plugins/fmghvodcvz/configLDI/Jump/0-fundacao/ALFA_DATA/alfasymlink/root/home/grupolubru/www/ALFA_DATA/alfasymlink/root/proc/1626/task/7415/auxv
[Sat Jul 25 01:42:42.517615 2026] [authz_core:error] [pid 1956489:tid 1956581] [client 185.177.72.100:46710] AH01630: client denied by server configuration: /home/samurai/public_html/error_log
[Sat Jul 25 01:42:42.521876 2026] [access_compat:error] [pid 1956488:tid 1956533] [client 85.208.96.202:42876] AH01797: client denied by server configuration: /home/grupolubru/public_html/wp-load.php
[Sat Jul 25 01:42:42.521929 2026] [access_compat:error] [pid 1956488:tid 1956533] [client 85.208.96.202:42876] AH01797: client denied by server configuration: /home/grupolubru/public_html/wp-config.php
[Sat Jul 25 01:42:42.521952 2026] [access_compat:error] [pid 1956488:tid 1956533] [client 85.208.96.202:42876] AH01797: client denied by server configuration: /home/grupolubru/public_html/wp-mail.php
[Sat Jul 25 01:42:42.521980 2026] [access_compat:error] [pid 1956488:tid 1956533] [client 85.208.96.202:42876] AH01797: client denied by server configuration: /home/grupolubru/public_html/wp-links-opml.php
[Sat Jul 25 01:42:42.522010 2026] [access_compat:error] [pid 1956488:tid 1956533] [client 85.208.96.202:42876] AH01797: client denied by server configuration: /home/grupolubru/public_html/wp-trackback.php
[Sat Jul 25 01:42:42.522219 2026] [access_compat:error] [pid 1956488:tid 1956533] [client 85.208.96.202:42876] AH01797: client denied by server configuration: /home/grupolubru/public_html/wp-signup.php
[Sat Jul 25 01:42:42.522425 2026] [access_compat:error] [pid 1956488:tid 1956533] [client 85.208.96.202:42876] AH01797: client denied by server configuration: /home/grupolubru/public_html/wp-blog-header.php
[Sat Jul 25 01:42:42.522678 2026] [access_compat:error] [pid 1956488:tid 1956533] [client 85.208.96.202:42876] AH01797: client denied by server configuration: /home/grupolubru/public_html/wp-config-sample.php
[Sat Jul 25 01:42:42.522753 2026] [access_compat:error] [pid 1956488:tid 1956533] [client 85.208.96.202:42876] AH01797: client denied by server configuration: /home/grupolubru/public_html/wp-settings.php
[Sat Jul 25 01:42:42.522859 2026] [authz_core:error] [pid 1956488:tid 1956533] [client 85.208.96.202:42876] AH01630: client denied by server configuration: /home/grupolubru/public_html/error_log
[Sat Jul 25 01:42:42.522884 2026] [access_compat:error] [pid 1956488:tid 1956533] [client 85.208.96.202:42876] AH01797: client denied by server configuration: /home/grupolubru/public_html/wp-cron.php
[Sat Jul 25 01:42:42.523093 2026] [access_compat:error] [pid 1956488:tid 1956533] [client 85.208.96.202:42876] AH01797: client denied by server configuration: /home/grupolubru/public_html/xmlrpc.php
[Sat Jul 25 01:42:42.523116 2026] [access_compat:error] [pid 1956488:tid 1956533] [client 85.208.96.202:42876] AH01797: client denied by server configuration: /home/grupolubru/public_html/main.php
[Sat Jul 25 01:42:42.523146 2026] [access_compat:error] [pid 1956488:tid 1956533] [client 85.208.96.202:42876] AH01797: client denied by server configuration: /home/grupolubru/public_html/wp-comments-post.php
[Sat Jul 25 01:42:42.523172 2026] [access_compat:error] [pid 1956488:tid 1956533] [client 85.208.96.202:42876] AH01797: client denied by server configuration: /home/grupolubru/public_html/wp-activate.php
[Sat Jul 25 01:42:42.547029 2026] [core:error] [pid 1978272:tid 1978286] (13)Permission denied: [client 216.73.217.106:27105] AH00132: file permissions deny server access: /home/grupolubru/public_html/ALFA_DATA/alfasymlink/root/proc/67/mountstats
[Sat Jul 25 01:42:42.721544 2026] [authz_core:error] [pid 1978272:tid 1978303] [client 57.141.18.37:56422] AH01630: client denied by server configuration: /home/fundacao/public_html/error_log
[Sat Jul 25 01:42:42.824098 2026] [authz_core:error] [pid 1978272:tid 1978291] [client 185.177.72.100:46716] AH01630: client denied by server configuration: /home/samurai/public_html/error_log
[Sat Jul 25 01:42:42.920393 2026] [core:error] [pid 1978272:tid 1978282] (13)Permission denied: [client 82.102.18.222:49988] AH00132: file permissions deny server access: /home/chammascorretora/public_html/wp-content/plugins/fmghvodcvz/configLDI/Jump/0-chammascorretora/wp-content/plugins/fmghvodcvz/configLDI/Jump/0-chammascorretora/wp-content/plugins/fmghvodcvz/configLDI/Jump/0-fundacao/ALFA_DATA/alfasymlink/root/home/grupolubru/www/ALFA_DATA/alfasymlink/root/proc/1626/task/7415/clear_refs
[Sat Jul 25 01:42:42.954734 2026] [authz_core:error] [pid 1991748:tid 1991766] [client 57.141.18.112:57724] AH01630: client denied by server configuration: /home/fundacao/public_html/error_log
[Sat Jul 25 01:42:43.003562 2026] [core:error] [pid 1978272:tid 1978300] (13)Permission denied: [client 216.73.217.106:40968] AH00132: file permissions deny server access: /home/grupolubru/public_html/ALFA_DATA/alfasymlink/root/proc/7/mem
[Sat Jul 25 01:42:43.161340 2026] [authz_core:error] [pid 1991748:tid 1991762] [client 185.177.72.100:46726] AH01630: client denied by server configuration: /home/samurai/public_html/error_log
[Sat Jul 25 01:42:43.176149 2026] [lsapi:warn] [pid 1956490:tid 1956628] [client 74.7.242.16:52930] [host www.chammascorretora.com.br] Backend log: PHP Warning: Unknown: Failed to open stream: Permission denied in Unknown on line 0\n, referer: http://www.chammascorretora.com.br/wp-content/plugins/fmghvodcvz/configLDI/Jump/0-redescondor/wp-includes/block-supports/
[Sat Jul 25 01:42:43.176196 2026] [lsapi:error] [pid 1956490:tid 1956628] [client 74.7.242.16:52930] [host www.chammascorretora.com.br] Backend fatal error: PHP Fatal error: Failed opening required '/home/chammascorretora/public_html/wp-content/plugins/fmghvodcvz/configLDI/Jump/0-redescondor/wp-includes/block-supports/dimensions.php' (include_path='.:/opt/cpanel/ea-php82/root/usr/share/pear') in Unknown on line 0\n, referer: http://www.chammascorretora.com.br/wp-content/plugins/fmghvodcvz/configLDI/Jump/0-redescondor/wp-includes/block-supports/
[Sat Jul 25 01:42:43.306543 2026] [authz_core:error] [pid 1991748:tid 1991763] [client 57.141.18.27:53146] AH01630: client denied by server configuration: /home/fundacao/public_html/error_log
[Sat Jul 25 01:42:43.501879 2026] [authz_core:error] [pid 1978272:tid 1978281] [client 185.177.72.100:46740] AH01630: client denied by server configuration: /home/samurai/public_html/error_log
[Sat Jul 25 01:42:43.748981 2026] [core:error] [pid 1978272:tid 1978300] (13)Permission denied: [client 82.102.18.222:49988] AH00132: file permissions deny server access: /home/chammascorretora/public_html/wp-content/plugins/fmghvodcvz/configLDI/Jump/0-chammascorretora/wp-content/plugins/fmghvodcvz/configLDI/Jump/0-chammascorretora/wp-content/plugins/fmghvodcvz/configLDI/Jump/0-fundacao/ALFA_DATA/alfasymlink/root/home/grupolubru/www/ALFA_DATA/alfasymlink/root/proc/1626/task/7415/environ
[Sat Jul 25 01:42:43.838811 2026] [authz_core:error] [pid 1991748:tid 1991757] [client 185.177.72.100:46742] AH01630: client denied by server configuration: /home/samurai/public_html/error_log
[Sat Jul 25 01:42:43.917338 2026] [core:error] [pid 1978272:tid 1978303] (13)Permission denied: [client 216.73.217.106:40968] AH00132: file permissions deny server access: /home/grupolubru/public_html/ALFA_DATA/alfasymlink/root/proc/121804/patch_state
[Sat Jul 25 01:42:43.989580 2026] [authz_core:error] [pid 1978272:tid 1978297] [client 54.37.86.223:50654] AH01630: client denied by server configuration: /home/chammascorretora/public_html/wp-includes/widgets/error_log
[Sat Jul 25 01:42:44.026481 2026] [core:error] [pid 1978272:tid 1978291] (13)Permission denied: [client 82.102.18.222:49988] AH00132: file permissions deny server access: /home/chammascorretora/public_html/wp-content/plugins/fmghvodcvz/configLDI/Jump/0-chammascorretora/wp-content/plugins/fmghvodcvz/configLDI/Jump/0-chammascorretora/wp-content/plugins/fmghvodcvz/configLDI/Jump/0-fundacao/ALFA_DATA/alfasymlink/root/home/grupolubru/www/ALFA_DATA/alfasymlink/root/proc/1626/task/7415/fdinfo/0
[Sat Jul 25 01:42:44.163103 2026] [core:error] [pid 1978272:tid 1978298] (13)Permission denied: [client 82.102.18.222:49988] AH00132: file permissions deny server access: /home/chammascorretora/public_html/wp-content/plugins/fmghvodcvz/configLDI/Jump/0-chammascorretora/wp-content/plugins/fmghvodcvz/configLDI/Jump/0-chammascorretora/wp-content/plugins/fmghvodcvz/configLDI/Jump/0-fundacao/ALFA_DATA/alfasymlink/root/home/grupolubru/www/ALFA_DATA/alfasymlink/root/proc/1626/task/7415/fdinfo/1
[Sat Jul 25 01:42:44.178496 2026] [authz_core:error] [pid 1978272:tid 1978282] [client 185.177.72.100:46756] AH01630: client denied by server configuration: /home/samurai/public_html/error_log
[Sat Jul 25 01:42:44.300810 2026] [core:error] [pid 1978272:tid 1978293] (13)Permission denied: [client 82.102.18.222:49988] AH00132: file permissions deny server access: /home/chammascorretora/public_html/wp-content/plugins/fmghvodcvz/configLDI/Jump/0-chammascorretora/wp-content/plugins/fmghvodcvz/configLDI/Jump/0-chammascorretora/wp-content/plugins/fmghvodcvz/configLDI/Jump/0-fundacao/ALFA_DATA/alfasymlink/root/home/grupolubru/www/ALFA_DATA/alfasymlink/root/proc/1626/task/7415/fdinfo/2
[Sat Jul 25 01:42:44.445726 2026] [core:error] [pid 1978272:tid 1978287] (13)Permission denied: [client 82.102.18.222:49988] AH00132: file permissions deny server access: /home/chammascorretora/public_html/wp-content/plugins/fmghvodcvz/configLDI/Jump/0-chammascorretora/wp-content/plugins/fmghvodcvz/configLDI/Jump/0-chammascorretora/wp-content/plugins/fmghvodcvz/configLDI/Jump/0-fundacao/ALFA_DATA/alfasymlink/root/home/grupolubru/www/ALFA_DATA/alfasymlink/root/proc/1626/task/7415/fdinfo/3
[Sat Jul 25 01:42:44.522934 2026] [authz_core:error] [pid 1978272:tid 1978303] [client 185.177.72.100:46766] AH01630: client denied by server configuration: /home/samurai/public_html/error_log
[Sat Jul 25 01:42:44.557046 2026] [core:error] [pid 1978272:tid 1978292] (13)Permission denied: [client 216.73.217.106:40968] AH00132: file permissions deny server access: /home/grupolubru/public_html/ALFA_DATA/alfasymlink/root/proc/4393/maps
[Sat Jul 25 01:42:44.582699 2026] [core:error] [pid 1978272:tid 1978297] (13)Permission denied: [client 82.102.18.222:49988] AH00132: file permissions deny server access: /home/chammascorretora/public_html/wp-content/plugins/fmghvodcvz/configLDI/Jump/0-chammascorretora/wp-content/plugins/fmghvodcvz/configLDI/Jump/0-chammascorretora/wp-content/plugins/fmghvodcvz/configLDI/Jump/0-fundacao/ALFA_DATA/alfasymlink/root/home/grupolubru/www/ALFA_DATA/alfasymlink/root/proc/1626/task/7415/fdinfo/4
[Sat Jul 25 01:42:44.719289 2026] [core:error] [pid 1978272:tid 1978301] (13)Permission denied: [client 82.102.18.222:49988] AH00132: file permissions deny server access: /home/chammascorretora/public_html/wp-content/plugins/fmghvodcvz/configLDI/Jump/0-chammascorretora/wp-content/plugins/fmghvodcvz/configLDI/Jump/0-chammascorretora/wp-content/plugins/fmghvodcvz/configLDI/Jump/0-fundacao/ALFA_DATA/alfasymlink/root/home/grupolubru/www/ALFA_DATA/alfasymlink/root/proc/1626/task/7415/fdinfo/5
[Sat Jul 25 01:42:44.822409 2026] [authz_core:error] [pid 1991748:tid 1991765] [client 185.177.72.100:46776] AH01630: client denied by server configuration: /home/samurai/public_html/error_log
[Sat Jul 25 01:42:44.831365 2026] [core:error] [pid 1978272:tid 1978288] (13)Permission denied: [client 216.73.217.106:40968] AH00132: file permissions deny server access: /home/grupolubru/public_html/ALFA_DATA/alfasymlink/root/proc/516680/maps
[Sat Jul 25 01:42:44.855856 2026] [core:error] [pid 1978272:tid 1978293] (13)Permission denied: [client 82.102.18.222:49988] AH00132: file permissions deny server access: /home/chammascorretora/public_html/wp-content/plugins/fmghvodcvz/configLDI/Jump/0-chammascorretora/wp-content/plugins/fmghvodcvz/configLDI/Jump/0-chammascorretora/wp-content/plugins/fmghvodcvz/configLDI/Jump/0-fundacao/ALFA_DATA/alfasymlink/root/home/grupolubru/www/ALFA_DATA/alfasymlink/root/proc/1626/task/7415/fdinfo/6
[Sat Jul 25 01:42:44.994272 2026] [core:error] [pid 1978272:tid 1978300] (13)Permission denied: [client 82.102.18.222:49988] AH00132: file permissions deny server access: /home/chammascorretora/public_html/wp-content/plugins/fmghvodcvz/configLDI/Jump/0-chammascorretora/wp-content/plugins/fmghvodcvz/configLDI/Jump/0-chammascorretora/wp-content/plugins/fmghvodcvz/configLDI/Jump/0-fundacao/ALFA_DATA/alfasymlink/root/home/grupolubru/www/ALFA_DATA/alfasymlink/root/proc/1626/task/7415/fdinfo/7
[Sat Jul 25 01:42:45.159811 2026] [authz_core:error] [pid 1956489:tid 1956634] [client 185.177.72.100:46792] AH01630: client denied by server configuration: /home/samurai/public_html/error_log
[Sat Jul 25 01:42:45.268782 2026] [core:error] [pid 1978272:tid 1978284] (13)Permission denied: [client 82.102.18.222:49988] AH00132: file permissions deny server access: /home/chammascorretora/public_html/wp-content/plugins/fmghvodcvz/configLDI/Jump/0-chammascorretora/wp-content/plugins/fmghvodcvz/configLDI/Jump/0-chammascorretora/wp-content/plugins/fmghvodcvz/configLDI/Jump/0-fundacao/ALFA_DATA/alfasymlink/root/home/grupolubru/www/ALFA_DATA/alfasymlink/root/proc/1626/task/7415/io
[Sat Jul 25 01:42:45.316258 2026] [lsapi:warn] [pid 1991748:tid 1991765] [client 74.7.242.16:46554] [host www.chammascorretora.com.br] Backend log: PHP Warning: Unknown: Failed to open stream: Permission denied in Unknown on line 0\n, referer: http://www.chammascorretora.com.br/wp-content/plugins/fmghvodcvz/configLDI/Jump/0-redescondor/wp-includes/
[Sat Jul 25 01:42:45.316299 2026] [lsapi:error] [pid 1991748:tid 1991765] [client 74.7.242.16:46554] [host www.chammascorretora.com.br] Backend fatal error: PHP Fatal error: Failed opening required '/home/chammascorretora/public_html/wp-content/plugins/fmghvodcvz/configLDI/Jump/0-redescondor/wp-includes/user.php' (include_path='.:/opt/cpanel/ea-php82/root/usr/share/pear') in Unknown on line 0\n, referer: http://www.chammascorretora.com.br/wp-content/plugins/fmghvodcvz/configLDI/Jump/0-redescondor/wp-includes/
[Sat Jul 25 01:42:45.377393 2026] [core:error] [pid 1978272:tid 1978283] (13)Permission denied: [client 216.73.217.106:27105] AH00132: file permissions deny server access: /home/grupolubru/public_html/ALFA_DATA/alfasymlink/root/proc/3023/maps
[Sat Jul 25 01:42:45.405726 2026] [core:error] [pid 1978272:tid 1978286] (13)Permission denied: [client 82.102.18.222:49988] AH00132: file permissions deny server access: /home/chammascorretora/public_html/wp-content/plugins/fmghvodcvz/configLDI/Jump/0-chammascorretora/wp-content/plugins/fmghvodcvz/configLDI/Jump/0-chammascorretora/wp-content/plugins/fmghvodcvz/configLDI/Jump/0-fundacao/ALFA_DATA/alfasymlink/root/home/grupolubru/www/ALFA_DATA/alfasymlink/root/proc/1626/task/7415/ksm_merging_pages
[Sat Jul 25 01:42:45.457559 2026] [authz_core:error] [pid 1991748:tid 1991763] [client 185.177.72.100:46806] AH01630: client denied by server configuration: /home/samurai/public_html/error_log
[Sat Jul 25 01:42:45.542559 2026] [core:error] [pid 1978272:tid 1978293] (13)Permission denied: [client 82.102.18.222:49988] AH00132: file permissions deny server access: /home/chammascorretora/public_html/wp-content/plugins/fmghvodcvz/configLDI/Jump/0-chammascorretora/wp-content/plugins/fmghvodcvz/configLDI/Jump/0-chammascorretora/wp-content/plugins/fmghvodcvz/configLDI/Jump/0-fundacao/ALFA_DATA/alfasymlink/root/home/grupolubru/www/ALFA_DATA/alfasymlink/root/proc/1626/task/7415/ksm_stat
[Sat Jul 25 01:42:45.565332 2026] [authz_core:error] [pid 1978272:tid 1978288] [client 57.141.18.7:52424] AH01630: client denied by server configuration: /home/fundacao/public_html/error_log
[Sat Jul 25 01:42:45.768286 2026] [authz_core:error] [pid 1956489:tid 1956629] [client 185.177.72.100:46814] AH01630: client denied by server configuration: /home/samurai/public_html/error_log
[Sat Jul 25 01:42:45.955355 2026] [core:error] [pid 1978272:tid 1978286] (13)Permission denied: [client 82.102.18.222:49988] AH00132: file permissions deny server access: /home/chammascorretora/public_html/wp-content/plugins/fmghvodcvz/configLDI/Jump/0-chammascorretora/wp-content/plugins/fmghvodcvz/configLDI/Jump/0-chammascorretora/wp-content/plugins/fmghvodcvz/configLDI/Jump/0-fundacao/ALFA_DATA/alfasymlink/root/home/grupolubru/www/ALFA_DATA/alfasymlink/root/proc/1626/task/7415/maps
[Sat Jul 25 01:42:46.072446 2026] [authz_core:error] [pid 1956490:tid 1956632] [client 185.177.72.100:46820] AH01630: client denied by server configuration: /home/samurai/public_html/error_log
[Sat Jul 25 01:42:46.092237 2026] [core:error] [pid 1978272:tid 1978298] (13)Permission denied: [client 82.102.18.222:49988] AH00132: file permissions deny server access: /home/chammascorretora/public_html/wp-content/plugins/fmghvodcvz/configLDI/Jump/0-chammascorretora/wp-content/plugins/fmghvodcvz/configLDI/Jump/0-chammascorretora/wp-content/plugins/fmghvodcvz/configLDI/Jump/0-fundacao/ALFA_DATA/alfasymlink/root/home/grupolubru/www/ALFA_DATA/alfasymlink/root/proc/1626/task/7415/mem
[Sat Jul 25 01:42:46.105221 2026] [core:error] [pid 1991748:tid 1991763] (13)Permission denied: [client 216.73.217.106:26940] AH00132: file permissions deny server access: /home/grupolubru/public_html/ALFA_DATA/alfasymlink/root/proc/855590/syscall
[Sat Jul 25 01:42:46.197170 2026] [core:error] [pid 1991748:tid 1991771] (13)Permission denied: [client 216.73.217.106:26940] AH00132: file permissions deny server access: /home/grupolubru/public_html/ALFA_DATA/alfasymlink/root/proc/516619/syscall
[Sat Jul 25 01:42:46.404925 2026] [authz_core:error] [pid 1978272:tid 1978290] [client 185.177.72.100:46826] AH01630: client denied by server configuration: /home/samurai/public_html/error_log
[Sat Jul 25 01:42:46.583997 2026] [core:crit] [pid 1956487:tid 1956510] (13)Permission denied: [client 103.162.65.192:62343] AH00529: /home/glof/public_html/.htaccess pcfg_openfile: unable to check htaccess file, ensure it is readable and that '/home/glof/public_html/' is executable
[Sat Jul 25 01:42:46.584089 2026] [core:crit] [pid 1956487:tid 1956510] (13)Permission denied: [client 103.162.65.192:62343] AH00529: /home/glof/public_html/.htaccess pcfg_openfile: unable to check htaccess file, ensure it is readable and that '/home/glof/public_html/' is executable
[Sat Jul 25 01:42:46.748984 2026] [authz_core:error] [pid 1978272:tid 1978305] [client 185.177.72.100:46842] AH01630: client denied by server configuration: /home/samurai/public_html/error_log
[Sat Jul 25 01:42:46.914291 2026] [authz_core:error] [pid 1978272:tid 1978302] [client 54.37.86.223:49356] AH01630: client denied by server configuration: /home/chammascorretora/public_html/wp-includes/error_log
[Sat Jul 25 01:42:47.063700 2026] [authz_core:error] [pid 1978272:tid 1978283] [client 185.177.72.100:46856] AH01630: client denied by server configuration: /home/samurai/public_html/error_log
[Sat Jul 25 01:42:47.410201 2026] [authz_core:error] [pid 1991748:tid 1991775] [client 185.177.72.100:1800] AH01630: client denied by server configuration: /home/samurai/public_html/error_log
[Sat Jul 25 01:42:47.509929 2026] [access_compat:error] [pid 1978272:tid 1978281] [client 158.140.166.52:34323] AH01797: client denied by server configuration: /home/farosolutions/public_html/xmlrpc.php
[Sat Jul 25 01:42:47.622045 2026] [authz_core:error] [pid 1978272:tid 1978283] [client 57.141.18.37:56448] AH01630: client denied by server configuration: /home/fundacao/public_html/error_log
[Sat Jul 25 01:42:47.661257 2026] [core:error] [pid 1978272:tid 1978293] (13)Permission denied: [client 216.73.217.106:40968] AH00132: file permissions deny server access: /home/grupolubru/public_html/ALFA_DATA/alfasymlink/root/proc/147/mountstats
[Sat Jul 25 01:42:47.757907 2026] [authz_core:error] [pid 1978272:tid 1978298] [client 185.177.72.100:1810] AH01630: client denied by server configuration: /home/samurai/public_html/error_log
[Sat Jul 25 01:42:47.862863 2026] [core:error] [pid 1978272:tid 1978302] (13)Permission denied: [client 216.73.217.106:40968] AH00132: file permissions deny server access: /home/grupolubru/public_html/ALFA_DATA/alfasymlink/root/proc/758285/syscall
[Sat Jul 25 01:42:48.099980 2026] [authz_core:error] [pid 1956490:tid 1956561] [client 185.177.72.100:1824] AH01630: client denied by server configuration: /home/samurai/public_html/error_log
[Sat Jul 25 01:42:48.123961 2026] [core:error] [pid 1978272:tid 1978283] (13)Permission denied: [client 216.73.217.106:40968] AH00132: file permissions deny server access: /home/grupolubru/public_html/ALFA_DATA/alfasymlink/root/proc/889451/maps
[Sat Jul 25 01:42:48.367608 2026] [authz_core:error] [pid 1956487:tid 1956525] [client 57.141.18.60:38246] AH01630: client denied by server configuration: /home/fundacao/public_html/error_log
[Sat Jul 25 01:42:48.398234 2026] [core:error] [pid 1978272:tid 1978298] (13)Permission denied: [client 216.73.217.106:40968] AH00132: file permissions deny server access: /home/grupolubru/public_html/ALFA_DATA/alfasymlink/root/proc/758272/maps
[Sat Jul 25 01:42:48.455410 2026] [authz_core:error] [pid 1978272:tid 1978292] [client 185.177.72.100:1832] AH01630: client denied by server configuration: /home/samurai/public_html/error_log
[Sat Jul 25 01:42:48.472419 2026] [authz_core:error] [pid 1956488:tid 1956544] [client 57.141.18.116:23096] AH01630: client denied by server configuration: /home/fundacao/public_html/error_log
[Sat Jul 25 01:42:48.756815 2026] [authz_core:error] [pid 1978272:tid 1978286] [client 185.177.72.100:1838] AH01630: client denied by server configuration: /home/samurai/public_html/error_log
[Sat Jul 25 01:42:48.803780 2026] [authz_core:error] [pid 1978272:tid 1978298] [client 57.141.18.61:64378] AH01630: client denied by server configuration: /home/fundacao/public_html/error_log
[Sat Jul 25 01:42:48.814520 2026] [lsapi:warn] [pid 1956487:tid 1956524] [client 152.58.163.220:35669] [host gjpengenharia.eng.br] Backend log: PHP Warning: require_once(/home/gjpengenharia/public_html/wp-load.php): Failed to open stream: No such file or directory in /home/gjpengenharia/public_html/xmlrpc.php on line 29\n
[Sat Jul 25 01:42:48.814577 2026] [lsapi:error] [pid 1956487:tid 1956524] [client 152.58.163.220:35669] [host gjpengenharia.eng.br] Backend fatal error: PHP Fatal error: Uncaught Error: Failed opening required '/home/gjpengenharia/public_html/wp-load.php' (include_path='.:/opt/cpanel/ea-php82/root/usr/share/pear') in /home/gjpengenharia/public_html/xmlrpc.php:29\nStack trace:\n#0 {main}\n thrown in /home/gjpengenharia/public_html/xmlrpc.php on line 29\n
[Sat Jul 25 01:42:49.017062 2026] [core:error] [pid 1956490:tid 1956572] (13)Permission denied: [client 216.73.217.106:62440] AH00132: file permissions deny server access: /home/grupolubru/public_html/ALFA_DATA/alfasymlink/root/proc/22/mem
[Sat Jul 25 01:42:49.086833 2026] [authz_core:error] [pid 2018129:tid 2018154] [client 185.177.72.100:1850] AH01630: client denied by server configuration: /home/samurai/public_html/error_log
[Sat Jul 25 01:42:49.383129 2026] [authz_core:error] [pid 1991748:tid 1991763] [client 185.177.72.100:1852] AH01630: client denied by server configuration: /home/samurai/public_html/error_log
[Sat Jul 25 01:42:49.666922 2026] [core:error] [pid 1991748:tid 1991766] (13)Permission denied: [client 82.102.18.222:39330] AH00132: file permissions deny server access: /home/chammascorretora/public_html/wp-content/plugins/fmghvodcvz/configLDI/Jump/0-chammascorretora/wp-content/plugins/fmghvodcvz/configLDI/Jump/0-chammascorretora/wp-content/plugins/fmghvodcvz/configLDI/Jump/0-fundacao/ALFA_DATA/alfasymlink/root/home/grupolubru/www/ALFA_DATA/alfasymlink/root/proc/1626/task/7415/net/ip_tables_names
[Sat Jul 25 01:42:49.685516 2026] [authz_core:error] [pid 1991748:tid 1991778] [client 185.177.72.100:1864] AH01630: client denied by server configuration: /home/samurai/public_html/error_log
[Sat Jul 25 01:42:49.721032 2026] [core:error] [pid 1978272:tid 1978290] (13)Permission denied: [client 216.73.217.106:19411] AH00132: file permissions deny server access: /home/grupolubru/public_html/ALFA_DATA/alfasymlink/root/proc/80621/task/80630/syscall
[Sat Jul 25 01:42:49.820063 2026] [core:error] [pid 1978272:tid 1978284] (13)Permission denied: [client 216.73.217.106:19411] AH00132: file permissions deny server access: /home/grupolubru/public_html/ALFA_DATA/alfasymlink/root/proc/1968/mountstats
[Sat Jul 25 01:42:49.984925 2026] [authz_core:error] [pid 1991748:tid 1991766] [client 185.177.72.100:1872] AH01630: client denied by server configuration: /home/samurai/public_html/error_log
[Sat Jul 25 01:42:50.329501 2026] [authz_core:error] [pid 1991748:tid 1991760] [client 185.177.72.100:1884] AH01630: client denied by server configuration: /home/samurai/public_html/error_log
[Sat Jul 25 01:42:50.366263 2026] [core:error] [pid 1978272:tid 1978305] (13)Permission denied: [client 216.73.217.106:46680] AH00132: file permissions deny server access: /home/grupolubru/public_html/ALFA_DATA/alfasymlink/root/proc/334250/task/334272/patch_state
[Sat Jul 25 01:42:50.629880 2026] [authz_core:error] [pid 2018129:tid 2018139] [client 185.177.72.100:1896] AH01630: client denied by server configuration: /home/samurai/public_html/error_log
[Sat Jul 25 01:42:50.640367 2026] [ssl:error] [pid 1978272:tid 1978298] (70014)End of file found: [client 216.73.217.106:19411] AH02013: coalesce failed to read from data bucket
[Sat Jul 25 01:42:50.837356 2026] [core:crit] [pid 1978272:tid 1978282] (13)Permission denied: [client 216.73.217.106:46680] AH00529: /home/grupolubru/public_html/ALFA_DATA/alfasymlink/root/proc/765/task/768/fd/.htaccess pcfg_openfile: unable to check htaccess file, ensure it is readable and that '/home/grupolubru/public_html/ALFA_DATA/alfasymlink/root/proc/765/task/768/fd/' is executable
[Sat Jul 25 01:42:50.897739 2026] [core:error] [pid 1991748:tid 1991774] (13)Permission denied: [client 82.102.18.222:39330] AH00132: file permissions deny server access: /home/chammascorretora/public_html/wp-content/plugins/fmghvodcvz/configLDI/Jump/0-chammascorretora/wp-content/plugins/fmghvodcvz/configLDI/Jump/0-chammascorretora/wp-content/plugins/fmghvodcvz/configLDI/Jump/0-fundacao/ALFA_DATA/alfasymlink/root/home/grupolubru/www/ALFA_DATA/alfasymlink/root/proc/1626/task/7415/net/nf_conntrack
[Sat Jul 25 01:42:50.971314 2026] [authz_core:error] [pid 1956488:tid 1956551] [client 185.177.72.100:1900] AH01630: client denied by server configuration: /home/samurai/public_html/error_log
[Sat Jul 25 01:42:51.113640 2026] [core:error] [pid 1978272:tid 1978286] (13)Permission denied: [client 216.73.217.106:46680] AH00132: file permissions deny server access: /home/grupolubru/public_html/ALFA_DATA/alfasymlink/root/proc/334250/task/334267/patch_state
[Sat Jul 25 01:42:51.204288 2026] [authz_core:error] [pid 1991748:tid 1991763] [client 57.141.18.121:59124] AH01630: client denied by server configuration: /home/samurai/public_html/error_log
[Sat Jul 25 01:42:51.210966 2026] [ssl:error] [pid 1978272:tid 1978305] (70014)End of file found: [client 216.73.217.106:46680] AH02013: coalesce failed to read from data bucket
[Sat Jul 25 01:42:51.288474 2026] [authz_core:error] [pid 1991748:tid 1991778] [client 185.177.72.100:1914] AH01630: client denied by server configuration: /home/samurai/public_html/error_log
[Sat Jul 25 01:42:51.484780 2026] [access_compat:error] [pid 1956488:tid 1956538] [client 216.73.217.106:48570] AH01797: client denied by server configuration: /home/grupolubru/public_html/ALFA_DATA/alfasymlink/root/lib64/python3.9/concurrent/__init__.py
[Sat Jul 25 01:42:51.628858 2026] [authz_core:error] [pid 1991748:tid 1991760] [client 185.177.72.100:1918] AH01630: client denied by server configuration: /home/samurai/public_html/error_log
[Sat Jul 25 01:42:51.634991 2026] [authz_core:error] [pid 1991748:tid 1991757] [client 57.141.18.60:39668] AH01630: client denied by server configuration: /home/fundacao/public_html/error_log
[Sat Jul 25 01:42:51.768264 2026] [core:crit] [pid 1991748:tid 1991774] (13)Permission denied: [client 57.141.18.33:62492] AH00529: /home/glof/public_html/.htaccess pcfg_openfile: unable to check htaccess file, ensure it is readable and that '/home/glof/public_html/' is executable
[Sat Jul 25 01:42:51.768354 2026] [core:crit] [pid 1991748:tid 1991774] (13)Permission denied: [client 57.141.18.33:62492] AH00529: /home/glof/public_html/.htaccess pcfg_openfile: unable to check htaccess file, ensure it is readable and that '/home/glof/public_html/' is executable
[Sat Jul 25 01:42:51.930966 2026] [authz_core:error] [pid 1978272:tid 1978304] [client 185.177.72.100:1924] AH01630: client denied by server configuration: /home/samurai/public_html/error_log
[Sat Jul 25 01:42:51.950929 2026] [access_compat:error] [pid 1956488:tid 1956537] [client 216.73.217.106:48570] AH01797: client denied by server configuration: /home/grupolubru/public_html/wp-includes/js/dist/script-modules/interactivity/index.min.asset.php
[Sat Jul 25 01:42:52.041833 2026] [core:error] [pid 1956488:tid 1956548] (13)Permission denied: [client 216.73.217.106:48570] AH00132: file permissions deny server access: /home/grupolubru/public_html/ALFA_DATA/alfasymlink/root/proc/404208/task/404223/patch_state
[Sat Jul 25 01:42:52.223121 2026] [authz_core:error] [pid 1991748:tid 1991762] [client 185.177.72.100:1926] AH01630: client denied by server configuration: /home/samurai/public_html/error_log
[Sat Jul 25 01:42:52.543528 2026] [authz_core:error] [pid 1978272:tid 1978283] [client 185.177.72.100:1932] AH01630: client denied by server configuration: /home/samurai/public_html/error_log
[Sat Jul 25 01:42:52.742036 2026] [authz_core:error] [pid 1991748:tid 1991766] [client 57.141.18.52:20610] AH01630: client denied by server configuration: /home/fundacao/public_html/error_log
[Sat Jul 25 01:42:52.848264 2026] [authz_core:error] [pid 1978272:tid 1978293] [client 185.177.72.100:1934] AH01630: client denied by server configuration: /home/samurai/public_html/error_log
[Sat Jul 25 01:42:52.963044 2026] [ssl:error] [pid 1956488:tid 1956553] (70014)End of file found: [client 216.73.217.106:48570] AH02013: coalesce failed to read from data bucket
[Sat Jul 25 01:42:53.021946 2026] [authz_core:error] [pid 1956489:tid 1956626] [client 57.141.18.124:32426] AH01630: client denied by server configuration: /home/fundacao/public_html/error_log
[Sat Jul 25 01:42:53.058686 2026] [core:error] [pid 1956490:tid 1956620] (13)Permission denied: [client 216.73.217.106:62440] AH00132: file permissions deny server access: /home/grupolubru/public_html/ALFA_DATA/alfasymlink/root/proc/self/fd/6
[Sat Jul 25 01:42:53.160777 2026] [access_compat:error] [pid 1956490:tid 1956563] [client 216.73.217.106:62440] AH01797: client denied by server configuration: /home/grupolubru/public_html/ALFA_DATA/alfasymlink/root/usr/lib64/python3.9/html/entities.py
[Sat Jul 25 01:42:53.160833 2026] [access_compat:error] [pid 1956490:tid 1956563] [client 216.73.217.106:62440] AH01797: client denied by server configuration: /home/grupolubru/public_html/ALFA_DATA/alfasymlink/root/usr/lib64/python3.9/html/parser.py
[Sat Jul 25 01:42:53.160883 2026] [access_compat:error] [pid 1956490:tid 1956563] [client 216.73.217.106:62440] AH01797: client denied by server configuration: /home/grupolubru/public_html/ALFA_DATA/alfasymlink/root/usr/lib64/python3.9/html/__init__.py
[Sat Jul 25 01:42:53.183806 2026] [authz_core:error] [pid 1991748:tid 1991763] [client 185.177.72.100:1936] AH01630: client denied by server configuration: /home/samurai/public_html/error_log
[Sat Jul 25 01:42:53.332661 2026] [authz_core:error] [pid 1991748:tid 1991775] [client 57.141.18.95:42058] AH01630: client denied by server configuration: /home/fundacao/public_html/error_log
[Sat Jul 25 01:42:53.498298 2026] [authz_core:error] [pid 1956487:tid 1956512] [client 185.177.72.100:1942] AH01630: client denied by server configuration: /home/samurai/public_html/error_log
[Sat Jul 25 01:42:53.795003 2026] [authz_core:error] [pid 2018129:tid 2018143] [client 57.141.18.99:51272] AH01630: client denied by server configuration: /home/fundacao/public_html/error_log
[Sat Jul 25 01:42:53.797496 2026] [authz_core:error] [pid 2018129:tid 2018139] [client 185.177.72.100:1948] AH01630: client denied by server configuration: /home/samurai/public_html/error_log
[Sat Jul 25 01:42:53.855641 2026] [authz_core:error] [pid 2018129:tid 2018140] [client 57.141.18.13:40648] AH01630: client denied by server configuration: /home/fundacao/public_html/error_log
[Sat Jul 25 01:42:53.913918 2026] [ssl:error] [pid 1956490:tid 1956633] (70014)End of file found: [client 216.73.217.106:62440] AH02013: coalesce failed to read from data bucket
[Sat Jul 25 01:42:54.097059 2026] [authz_core:error] [pid 1956490:tid 1956582] [client 185.177.72.100:1958] AH01630: client denied by server configuration: /home/samurai/public_html/error_log
[Sat Jul 25 01:42:54.212803 2026] [core:error] [pid 1991748:tid 1991766] (13)Permission denied: [client 216.73.217.106:2557] AH00132: file permissions deny server access: /home/grupolubru/public_html/ALFA_DATA/alfasymlink/root/proc/996235/task/996247/patch_state
[Sat Jul 25 01:42:54.296559 2026] [core:crit] [pid 1991748:tid 1991763] (13)Permission denied: [client 47.128.22.216:42148] AH00529: /home/glof/public_html/.htaccess pcfg_openfile: unable to check htaccess file, ensure it is readable and that '/home/glof/public_html/' is executable
[Sat Jul 25 01:42:54.296668 2026] [core:crit] [pid 1991748:tid 1991763] (13)Permission denied: [client 47.128.22.216:42148] AH00529: /home/glof/public_html/.htaccess pcfg_openfile: unable to check htaccess file, ensure it is readable and that '/home/glof/public_html/' is executable
[Sat Jul 25 01:42:54.435329 2026] [authz_core:error] [pid 1956489:tid 1956570] [client 185.177.72.100:1960] AH01630: client denied by server configuration: /home/samurai/public_html/error_log
[Sat Jul 25 01:42:54.478059 2026] [ssl:error] [pid 2018129:tid 2018151] (70014)End of file found: [client 216.73.217.106:30800] AH02013: coalesce failed to read from data bucket
[Sat Jul 25 01:42:54.542969 2026] [authz_core:error] [pid 1978272:tid 1978292] [client 57.141.18.3:41356] AH01630: client denied by server configuration: /home/fundacao/public_html/error_log
[Sat Jul 25 01:42:54.739773 2026] [authz_core:error] [pid 1991748:tid 1991759] [client 185.177.72.100:1966] AH01630: client denied by server configuration: /home/samurai/public_html/error_log
[Sat Jul 25 01:42:54.754153 2026] [access_compat:error] [pid 1956487:tid 1956522] [client 216.73.217.106:44570] AH01797: client denied by server configuration: /home/grupolubru/public_html/ALFA_DATA/alfasymlink/root/lib/python3.9/site-packages/urllib3/contrib/securetransport.py
[Sat Jul 25 01:42:54.754209 2026] [access_compat:error] [pid 1956487:tid 1956522] [client 216.73.217.106:44570] AH01797: client denied by server configuration: /home/grupolubru/public_html/ALFA_DATA/alfasymlink/root/lib/python3.9/site-packages/urllib3/contrib/socks.py
[Sat Jul 25 01:42:54.754253 2026] [access_compat:error] [pid 1956487:tid 1956522] [client 216.73.217.106:44570] AH01797: client denied by server configuration: /home/grupolubru/public_html/ALFA_DATA/alfasymlink/root/lib/python3.9/site-packages/urllib3/contrib/_appengine_environ.py
[Sat Jul 25 01:42:54.754292 2026] [access_compat:error] [pid 1956487:tid 1956522] [client 216.73.217.106:44570] AH01797: client denied by server configuration: /home/grupolubru/public_html/ALFA_DATA/alfasymlink/root/lib/python3.9/site-packages/urllib3/contrib/pyopenssl.py
[Sat Jul 25 01:42:54.754330 2026] [access_compat:error] [pid 1956487:tid 1956522] [client 216.73.217.106:44570] AH01797: client denied by server configuration: /home/grupolubru/public_html/ALFA_DATA/alfasymlink/root/lib/python3.9/site-packages/urllib3/contrib/ntlmpool.py
[Sat Jul 25 01:42:54.754366 2026] [access_compat:error] [pid 1956487:tid 1956522] [client 216.73.217.106:44570] AH01797: client denied by server configuration: /home/grupolubru/public_html/ALFA_DATA/alfasymlink/root/lib/python3.9/site-packages/urllib3/contrib/appengine.py
[Sat Jul 25 01:42:54.755009 2026] [access_compat:error] [pid 1956487:tid 1956522] [client 216.73.217.106:44570] AH01797: client denied by server configuration: /home/grupolubru/public_html/ALFA_DATA/alfasymlink/root/lib/python3.9/site-packages/urllib3/contrib/__init__.py
[Sat Jul 25 01:42:54.942128 2026] [ssl:error] [pid 1956487:tid 1956520] (70014)End of file found: [client 216.73.217.106:44570] AH02013: coalesce failed to read from data bucket
[Sat Jul 25 01:42:55.040695 2026] [access_compat:error] [pid 1991748:tid 1991760] [client 216.73.217.106:2557] AH01797: client denied by server configuration: /home/grupolubru/public_html/ALFA_DATA/alfasymlink/root/proc/thread-self/cwd/usr/tmp/index.php
[Sat Jul 25 01:42:55.051033 2026] [authz_core:error] [pid 1991748:tid 1991778] [client 185.177.72.100:1972] AH01630: client denied by server configuration: /home/samurai/public_html/error_log
[Sat Jul 25 01:42:55.123426 2026] [autoindex:error] [pid 1991748:tid 1991775] (13)Permission denied: [client 82.102.18.222:39330] AH01275: Can't open directory for index: /home/chammascorretora/public_html/wp-content/plugins/fmghvodcvz/configLDI/Jump/0-chammascorretora/wp-content/plugins/fmghvodcvz/configLDI/Jump/0-chammascorretora/wp-content/plugins/fmghvodcvz/configLDI/Jump/0-fundacao/ALFA_DATA/alfasymlink/root/home/grupolubru/www/ALFA_DATA/alfasymlink/root/proc/1626/task/7415/ns/
[Sat Jul 25 01:42:55.259922 2026] [core:error] [pid 1991748:tid 1991758] (13)Permission denied: [client 82.102.18.222:39330] AH00132: file permissions deny server access: /home/chammascorretora/public_html/wp-content/plugins/fmghvodcvz/configLDI/Jump/0-chammascorretora/wp-content/plugins/fmghvodcvz/configLDI/Jump/0-chammascorretora/wp-content/plugins/fmghvodcvz/configLDI/Jump/0-fundacao/ALFA_DATA/alfasymlink/root/home/grupolubru/www/ALFA_DATA/alfasymlink/root/proc/1626/task/7415/numa_maps
[Sat Jul 25 01:42:55.371389 2026] [authz_core:error] [pid 1956488:tid 1956538] [client 185.177.72.100:1984] AH01630: client denied by server configuration: /home/samurai/public_html/error_log
[Sat Jul 25 01:42:55.618599 2026] [ssl:error] [pid 2018129:tid 2018162] (70014)End of file found: [client 216.73.217.106:8626] AH02013: coalesce failed to read from data bucket
[Sat Jul 25 01:42:55.678521 2026] [authz_core:error] [pid 1956489:tid 1956627] [client 185.177.72.100:1994] AH01630: client denied by server configuration: /home/samurai/public_html/error_log
