[Sat Jul 25 01:42:04.628409 2026] [core:crit] [pid 1991748:tid 1991773] (13)Permission denied: [client 103.162.65.192:60364] AH00529: /home/glof/public_html/.htaccess pcfg_openfile: unable to check htaccess file, ensure it is readable and that '/home/glof/public_html/' is executable
[Sat Jul 25 01:42:04.644429 2026] [access_compat:error] [pid 1991748:tid 1991760] [client 216.73.217.106:45438] AH01797: client denied by server configuration: /home/grupolubru/public_html/ALFA_DATA/alfasymlink/root/lib64/python3.9/http/server.py
[Sat Jul 25 01:42:04.644470 2026] [access_compat:error] [pid 1991748:tid 1991760] [client 216.73.217.106:45438] AH01797: client denied by server configuration: /home/grupolubru/public_html/ALFA_DATA/alfasymlink/root/lib64/python3.9/http/client.py
[Sat Jul 25 01:42:04.644491 2026] [access_compat:error] [pid 1991748:tid 1991760] [client 216.73.217.106:45438] AH01797: client denied by server configuration: /home/grupolubru/public_html/ALFA_DATA/alfasymlink/root/lib64/python3.9/http/cookiejar.py
[Sat Jul 25 01:42:04.644508 2026] [access_compat:error] [pid 1991748:tid 1991760] [client 216.73.217.106:45438] AH01797: client denied by server configuration: /home/grupolubru/public_html/ALFA_DATA/alfasymlink/root/lib64/python3.9/http/cookies.py
[Sat Jul 25 01:42:04.644524 2026] [access_compat:error] [pid 1991748:tid 1991760] [client 216.73.217.106:45438] AH01797: client denied by server configuration: /home/grupolubru/public_html/ALFA_DATA/alfasymlink/root/lib64/python3.9/http/__init__.py
[Sat Jul 25 01:42:04.645587 2026] [authz_core:error] [pid 1956491:tid 1956577] [client 185.177.72.100:49306] AH01630: client denied by server configuration: /home/samurai/public_html/error_log
[Sat Jul 25 01:42:04.705768 2026] [core:error] [pid 1991748:tid 1991774] (13)Permission denied: [client 82.102.18.222:33648] AH00132: file permissions deny server access: /home/chammascorretora/public_html/wp-content/plugins/fmghvodcvz/configLDI/Jump/0-chammascorretora/wp-content/plugins/fmghvodcvz/configLDI/Jump/0-chammascorretora/wp-content/plugins/fmghvodcvz/configLDI/Jump/0-fundacao/ALFA_DATA/alfasymlink/root/home/grupolubru/www/ALFA_DATA/alfasymlink/root/proc/1626/task/7412/personality
[Sat Jul 25 01:42:04.743772 2026] [authz_core:error] [pid 1956491:tid 1956596] [client 57.141.10.42:29924] AH01630: client denied by server configuration: /home/samurai/public_html/error_log
[Sat Jul 25 01:42:04.950773 2026] [authz_core:error] [pid 1956489:tid 1956611] [client 185.177.72.100:49322] AH01630: client denied by server configuration: /home/samurai/public_html/error_log
[Sat Jul 25 01:42:05.003932 2026] [access_compat:error] [pid 1991748:tid 1991778] [client 158.140.166.52:12947] AH01797: client denied by server configuration: /home/farosolutions/public_html/xmlrpc.php
[Sat Jul 25 01:42:05.259372 2026] [authz_core:error] [pid 1956490:tid 1956590] [client 185.177.72.100:49330] AH01630: client denied by server configuration: /home/samurai/public_html/error_log
[Sat Jul 25 01:42:05.552966 2026] [authz_core:error] [pid 1956487:tid 1956507] [client 185.177.72.100:49336] AH01630: client denied by server configuration: /home/samurai/public_html/error_log
[Sat Jul 25 01:42:05.573864 2026] [core:error] [pid 1991748:tid 1991759] (13)Permission denied: [client 82.102.18.222:33648] AH00132: file permissions deny server access: /home/chammascorretora/public_html/wp-content/plugins/fmghvodcvz/configLDI/Jump/0-chammascorretora/wp-content/plugins/fmghvodcvz/configLDI/Jump/0-chammascorretora/wp-content/plugins/fmghvodcvz/configLDI/Jump/0-fundacao/ALFA_DATA/alfasymlink/root/home/grupolubru/www/ALFA_DATA/alfasymlink/root/proc/1626/task/7412/smaps
[Sat Jul 25 01:42:05.676484 2026] [authz_core:error] [pid 1991748:tid 1991778] [client 57.141.18.14:44422] AH01630: client denied by server configuration: /home/fundacao/public_html/error_log
[Sat Jul 25 01:42:05.717476 2026] [core:error] [pid 1991748:tid 1991766] (13)Permission denied: [client 82.102.18.222:33648] AH00132: file permissions deny server access: /home/chammascorretora/public_html/wp-content/plugins/fmghvodcvz/configLDI/Jump/0-chammascorretora/wp-content/plugins/fmghvodcvz/configLDI/Jump/0-chammascorretora/wp-content/plugins/fmghvodcvz/configLDI/Jump/0-fundacao/ALFA_DATA/alfasymlink/root/home/grupolubru/www/ALFA_DATA/alfasymlink/root/proc/1626/task/7412/smaps_rollup
[Sat Jul 25 01:42:05.860807 2026] [core:error] [pid 1991748:tid 1991765] (13)Permission denied: [client 82.102.18.222:33648] AH00132: file permissions deny server access: /home/chammascorretora/public_html/wp-content/plugins/fmghvodcvz/configLDI/Jump/0-chammascorretora/wp-content/plugins/fmghvodcvz/configLDI/Jump/0-chammascorretora/wp-content/plugins/fmghvodcvz/configLDI/Jump/0-fundacao/ALFA_DATA/alfasymlink/root/home/grupolubru/www/ALFA_DATA/alfasymlink/root/proc/1626/task/7412/stack
[Sat Jul 25 01:42:05.887277 2026] [authz_core:error] [pid 1956491:tid 1956596] [client 185.177.72.100:49352] AH01630: client denied by server configuration: /home/samurai/public_html/error_log
[Sat Jul 25 01:42:05.962087 2026] [authz_core:error] [pid 1956491:tid 1956596] [client 57.141.20.5:22822] AH01630: client denied by server configuration: /home/samurai/public_html/error_log
[Sat Jul 25 01:42:06.025774 2026] [core:error] [pid 1991748:tid 1991758] (13)Permission denied: [client 216.73.217.106:45438] AH00132: file permissions deny server access: /home/grupolubru/public_html/ALFA_DATA/alfasymlink/root/sys/module/ip6t_REJECT/uevent
[Sat Jul 25 01:42:06.194791 2026] [authz_core:error] [pid 1991748:tid 1991771] [client 185.177.72.100:49366] AH01630: client denied by server configuration: /home/samurai/public_html/error_log
[Sat Jul 25 01:42:06.207313 2026] [core:error] [pid 1991748:tid 1991759] (13)Permission denied: [client 216.73.217.106:45438] AH00132: file permissions deny server access: /home/grupolubru/public_html/ALFA_DATA/alfasymlink/root/proc/398728/maps
[Sat Jul 25 01:42:06.303181 2026] [core:error] [pid 1991748:tid 1991763] (13)Permission denied: [client 216.73.217.106:45438] AH00132: file permissions deny server access: /home/grupolubru/public_html/ALFA_DATA/alfasymlink/root/proc/758355/maps
[Sat Jul 25 01:42:06.433085 2026] [core:error] [pid 1991748:tid 1991765] (13)Permission denied: [client 82.102.18.222:33648] AH00132: file permissions deny server access: /home/chammascorretora/public_html/wp-content/plugins/fmghvodcvz/configLDI/Jump/0-chammascorretora/wp-content/plugins/fmghvodcvz/configLDI/Jump/0-chammascorretora/wp-content/plugins/fmghvodcvz/configLDI/Jump/0-fundacao/ALFA_DATA/alfasymlink/root/home/grupolubru/www/ALFA_DATA/alfasymlink/root/proc/1626/task/7412/syscall
[Sat Jul 25 01:42:06.527906 2026] [authz_core:error] [pid 1991748:tid 1991774] [client 185.177.72.100:49368] AH01630: client denied by server configuration: /home/samurai/public_html/error_log
[Sat Jul 25 01:42:06.582049 2026] [access_compat:error] [pid 1991748:tid 1991763] [client 216.73.217.106:24952] AH01797: client denied by server configuration: /home/grupolubru/public_html/wp-includes/php-ai-client/src/Events/AfterGenerateResultEvent.php
[Sat Jul 25 01:42:06.582125 2026] [access_compat:error] [pid 1991748:tid 1991763] [client 216.73.217.106:24952] AH01797: client denied by server configuration: /home/grupolubru/public_html/wp-includes/php-ai-client/src/Events/BeforeGenerateResultEvent.php
[Sat Jul 25 01:42:06.832453 2026] [authz_core:error] [pid 1956491:tid 1956596] [client 185.177.72.100:49372] AH01630: client denied by server configuration: /home/samurai/public_html/error_log
[Sat Jul 25 01:42:06.864367 2026] [core:crit] [pid 1991748:tid 1991759] (13)Permission denied: [client 82.102.18.222:33648] AH00529: /home/chammascorretora/public_html/wp-content/plugins/fmghvodcvz/configLDI/Jump/0-chammascorretora/wp-content/plugins/fmghvodcvz/configLDI/Jump/0-chammascorretora/wp-content/plugins/fmghvodcvz/configLDI/Jump/0-fundacao/ALFA_DATA/alfasymlink/root/home/grupolubru/www/ALFA_DATA/alfasymlink/root/proc/1626/task/7413/fd/.htaccess pcfg_openfile: unable to check htaccess file, ensure it is readable and that '/home/chammascorretora/public_html/wp-content/plugins/fmghvodcvz/configLDI/Jump/0-chammascorretora/wp-content/plugins/fmghvodcvz/configLDI/Jump/0-chammascorretora/wp-content/plugins/fmghvodcvz/configLDI/Jump/0-fundacao/ALFA_DATA/alfasymlink/root/home/grupolubru/www/ALFA_DATA/alfasymlink/root/proc/1626/task/7413/fd/' is executable
[Sat Jul 25 01:42:07.046359 2026] [autoindex:error] [pid 1991748:tid 1991758] (13)Permission denied: [client 216.73.217.106:24952] AH01275: Can't open directory for index: /home/grupolubru/public_html/ALFA_DATA/alfasymlink/root/proc/39/ns/
[Sat Jul 25 01:42:07.173762 2026] [authz_core:error] [pid 1991748:tid 1991775] [client 185.177.72.100:8260] AH01630: client denied by server configuration: /home/samurai/public_html/error_log
[Sat Jul 25 01:42:07.471594 2026] [authz_core:error] [pid 1991748:tid 1991766] [client 185.177.72.100:8264] AH01630: client denied by server configuration: /home/samurai/public_html/error_log
[Sat Jul 25 01:42:07.503507 2026] [authz_core:error] [pid 1956489:tid 1956634] [client 57.141.18.11:39504] AH01630: client denied by server configuration: /home/fundacao/public_html/error_log
[Sat Jul 25 01:42:07.509838 2026] [core:error] [pid 1991748:tid 1991779] (13)Permission denied: [client 216.73.217.106:24952] AH00132: file permissions deny server access: /home/grupolubru/public_html/ALFA_DATA/alfasymlink/root/proc/889474/maps
[Sat Jul 25 01:42:07.802529 2026] [authz_core:error] [pid 1991748:tid 1991771] [client 185.177.72.100:8270] AH01630: client denied by server configuration: /home/samurai/public_html/error_log
[Sat Jul 25 01:42:07.880385 2026] [core:error] [pid 1991748:tid 1991773] (13)Permission denied: [client 216.73.217.106:24952] AH00132: file permissions deny server access: /home/grupolubru/public_html/ALFA_DATA/alfasymlink/root/proc/1058821/clear_refs
[Sat Jul 25 01:42:07.981726 2026] [core:error] [pid 1991748:tid 1991766] (13)Permission denied: [client 216.73.217.106:24952] AH00132: file permissions deny server access: /home/grupolubru/public_html/ALFA_DATA/alfasymlink/root/proc/30/mountstats
[Sat Jul 25 01:42:08.073003 2026] [access_compat:error] [pid 1991748:tid 1991779] [client 216.73.217.106:24952] AH01797: client denied by server configuration: /home/grupolubru/public_html/ALFA_DATA/alfasymlink/root/lib64/python3.9/http/server.py
[Sat Jul 25 01:42:08.073048 2026] [access_compat:error] [pid 1991748:tid 1991779] [client 216.73.217.106:24952] AH01797: client denied by server configuration: /home/grupolubru/public_html/ALFA_DATA/alfasymlink/root/lib64/python3.9/http/client.py
[Sat Jul 25 01:42:08.073069 2026] [access_compat:error] [pid 1991748:tid 1991779] [client 216.73.217.106:24952] AH01797: client denied by server configuration: /home/grupolubru/public_html/ALFA_DATA/alfasymlink/root/lib64/python3.9/http/cookiejar.py
[Sat Jul 25 01:42:08.073086 2026] [access_compat:error] [pid 1991748:tid 1991779] [client 216.73.217.106:24952] AH01797: client denied by server configuration: /home/grupolubru/public_html/ALFA_DATA/alfasymlink/root/lib64/python3.9/http/cookies.py
[Sat Jul 25 01:42:08.073102 2026] [access_compat:error] [pid 1991748:tid 1991779] [client 216.73.217.106:24952] AH01797: client denied by server configuration: /home/grupolubru/public_html/ALFA_DATA/alfasymlink/root/lib64/python3.9/http/__init__.py
[Sat Jul 25 01:42:08.129892 2026] [authz_core:error] [pid 1956488:tid 1956551] [client 185.177.72.100:8278] AH01630: client denied by server configuration: /home/samurai/public_html/error_log
[Sat Jul 25 01:42:08.168925 2026] [core:error] [pid 1991748:tid 1991765] (13)Permission denied: [client 82.102.18.222:33648] AH00132: file permissions deny server access: /home/chammascorretora/public_html/wp-content/plugins/fmghvodcvz/configLDI/Jump/0-chammascorretora/wp-content/plugins/fmghvodcvz/configLDI/Jump/0-chammascorretora/wp-content/plugins/fmghvodcvz/configLDI/Jump/0-fundacao/ALFA_DATA/alfasymlink/root/home/grupolubru/www/ALFA_DATA/alfasymlink/root/proc/1626/task/7413/auxv
[Sat Jul 25 01:42:08.429894 2026] [authz_core:error] [pid 1956489:tid 1956637] [client 185.177.72.100:8290] AH01630: client denied by server configuration: /home/samurai/public_html/error_log
[Sat Jul 25 01:42:08.660153 2026] [core:error] [pid 1991748:tid 1991766] (13)Permission denied: [client 82.102.18.222:33648] AH00132: file permissions deny server access: /home/chammascorretora/public_html/wp-content/plugins/fmghvodcvz/configLDI/Jump/0-chammascorretora/wp-content/plugins/fmghvodcvz/configLDI/Jump/0-chammascorretora/wp-content/plugins/fmghvodcvz/configLDI/Jump/0-fundacao/ALFA_DATA/alfasymlink/root/home/grupolubru/www/ALFA_DATA/alfasymlink/root/proc/1626/task/7413/clear_refs
[Sat Jul 25 01:42:08.763327 2026] [authz_core:error] [pid 1978272:tid 1978290] [client 185.177.72.100:8292] AH01630: client denied by server configuration: /home/samurai/public_html/error_log
[Sat Jul 25 01:42:08.803453 2026] [core:crit] [pid 1991748:tid 1991758] (13)Permission denied: [client 216.73.217.106:45438] AH00529: /home/grupolubru/public_html/ALFA_DATA/alfasymlink/root/proc/333313/task/333339/fd/.htaccess pcfg_openfile: unable to check htaccess file, ensure it is readable and that '/home/grupolubru/public_html/ALFA_DATA/alfasymlink/root/proc/333313/task/333339/fd/' is executable
[Sat Jul 25 01:42:09.100329 2026] [authz_core:error] [pid 1991748:tid 1991778] [client 185.177.72.100:8300] AH01630: client denied by server configuration: /home/samurai/public_html/error_log
[Sat Jul 25 01:42:09.377407 2026] [core:error] [pid 1991748:tid 1991757] (13)Permission denied: [client 82.102.18.222:33648] AH00132: file permissions deny server access: /home/chammascorretora/public_html/wp-content/plugins/fmghvodcvz/configLDI/Jump/0-chammascorretora/wp-content/plugins/fmghvodcvz/configLDI/Jump/0-chammascorretora/wp-content/plugins/fmghvodcvz/configLDI/Jump/0-fundacao/ALFA_DATA/alfasymlink/root/home/grupolubru/www/ALFA_DATA/alfasymlink/root/proc/1626/task/7413/environ
[Sat Jul 25 01:42:09.433670 2026] [authz_core:error] [pid 1991748:tid 1991778] [client 185.177.72.100:8310] AH01630: client denied by server configuration: /home/samurai/public_html/error_log
[Sat Jul 25 01:42:09.572140 2026] [authz_core:error] [pid 1991748:tid 1991765] [client 57.141.18.34:35250] AH01630: client denied by server configuration: /home/fundacao/public_html/error_log
[Sat Jul 25 01:42:09.665579 2026] [core:error] [pid 1991748:tid 1991775] (13)Permission denied: [client 82.102.18.222:33648] AH00132: file permissions deny server access: /home/chammascorretora/public_html/wp-content/plugins/fmghvodcvz/configLDI/Jump/0-chammascorretora/wp-content/plugins/fmghvodcvz/configLDI/Jump/0-chammascorretora/wp-content/plugins/fmghvodcvz/configLDI/Jump/0-fundacao/ALFA_DATA/alfasymlink/root/home/grupolubru/www/ALFA_DATA/alfasymlink/root/proc/1626/task/7413/fdinfo/0
[Sat Jul 25 01:42:09.739027 2026] [authz_core:error] [pid 1991748:tid 1991758] [client 185.177.72.100:8314] AH01630: client denied by server configuration: /home/samurai/public_html/error_log
[Sat Jul 25 01:42:09.809489 2026] [core:error] [pid 1991748:tid 1991780] (13)Permission denied: [client 82.102.18.222:33648] AH00132: file permissions deny server access: /home/chammascorretora/public_html/wp-content/plugins/fmghvodcvz/configLDI/Jump/0-chammascorretora/wp-content/plugins/fmghvodcvz/configLDI/Jump/0-chammascorretora/wp-content/plugins/fmghvodcvz/configLDI/Jump/0-fundacao/ALFA_DATA/alfasymlink/root/home/grupolubru/www/ALFA_DATA/alfasymlink/root/proc/1626/task/7413/fdinfo/1
[Sat Jul 25 01:42:09.885996 2026] [authz_core:error] [pid 1991748:tid 1991760] [client 57.141.18.10:32720] AH01630: client denied by server configuration: /home/fundacao/public_html/error_log
[Sat Jul 25 01:42:09.929590 2026] [ssl:error] [pid 1991748:tid 1991759] (70014)End of file found: [client 216.73.217.106:24952] AH02013: coalesce failed to read from data bucket
[Sat Jul 25 01:42:09.952816 2026] [core:error] [pid 1991748:tid 1991758] (13)Permission denied: [client 82.102.18.222:33648] AH00132: file permissions deny server access: /home/chammascorretora/public_html/wp-content/plugins/fmghvodcvz/configLDI/Jump/0-chammascorretora/wp-content/plugins/fmghvodcvz/configLDI/Jump/0-chammascorretora/wp-content/plugins/fmghvodcvz/configLDI/Jump/0-fundacao/ALFA_DATA/alfasymlink/root/home/grupolubru/www/ALFA_DATA/alfasymlink/root/proc/1626/task/7413/fdinfo/2
[Sat Jul 25 01:42:10.086377 2026] [authz_core:error] [pid 1991748:tid 1991760] [client 185.177.72.100:8316] AH01630: client denied by server configuration: /home/samurai/public_html/error_log
[Sat Jul 25 01:42:10.096266 2026] [core:error] [pid 1991748:tid 1991757] (13)Permission denied: [client 82.102.18.222:33648] AH00132: file permissions deny server access: /home/chammascorretora/public_html/wp-content/plugins/fmghvodcvz/configLDI/Jump/0-chammascorretora/wp-content/plugins/fmghvodcvz/configLDI/Jump/0-chammascorretora/wp-content/plugins/fmghvodcvz/configLDI/Jump/0-fundacao/ALFA_DATA/alfasymlink/root/home/grupolubru/www/ALFA_DATA/alfasymlink/root/proc/1626/task/7413/fdinfo/3
[Sat Jul 25 01:42:10.102450 2026] [authz_core:error] [pid 1991748:tid 1991766] [client 57.141.18.37:55116] AH01630: client denied by server configuration: /home/fundacao/public_html/error_log
[Sat Jul 25 01:42:10.108579 2026] [authz_core:error] [pid 1991748:tid 1991771] [client 57.141.18.37:55120] AH01630: client denied by server configuration: /home/fundacao/public_html/error_log
[Sat Jul 25 01:42:10.239499 2026] [core:error] [pid 1991748:tid 1991765] (13)Permission denied: [client 82.102.18.222:33648] AH00132: file permissions deny server access: /home/chammascorretora/public_html/wp-content/plugins/fmghvodcvz/configLDI/Jump/0-chammascorretora/wp-content/plugins/fmghvodcvz/configLDI/Jump/0-chammascorretora/wp-content/plugins/fmghvodcvz/configLDI/Jump/0-fundacao/ALFA_DATA/alfasymlink/root/home/grupolubru/www/ALFA_DATA/alfasymlink/root/proc/1626/task/7413/fdinfo/4
[Sat Jul 25 01:42:10.382522 2026] [core:error] [pid 1991748:tid 1991760] (13)Permission denied: [client 82.102.18.222:33648] AH00132: file permissions deny server access: /home/chammascorretora/public_html/wp-content/plugins/fmghvodcvz/configLDI/Jump/0-chammascorretora/wp-content/plugins/fmghvodcvz/configLDI/Jump/0-chammascorretora/wp-content/plugins/fmghvodcvz/configLDI/Jump/0-fundacao/ALFA_DATA/alfasymlink/root/home/grupolubru/www/ALFA_DATA/alfasymlink/root/proc/1626/task/7413/fdinfo/5
[Sat Jul 25 01:42:10.433475 2026] [authz_core:error] [pid 1991748:tid 1991774] [client 185.177.72.100:8322] AH01630: client denied by server configuration: /home/samurai/public_html/error_log
[Sat Jul 25 01:42:10.525797 2026] [core:error] [pid 1991748:tid 1991758] (13)Permission denied: [client 82.102.18.222:33648] AH00132: file permissions deny server access: /home/chammascorretora/public_html/wp-content/plugins/fmghvodcvz/configLDI/Jump/0-chammascorretora/wp-content/plugins/fmghvodcvz/configLDI/Jump/0-chammascorretora/wp-content/plugins/fmghvodcvz/configLDI/Jump/0-fundacao/ALFA_DATA/alfasymlink/root/home/grupolubru/www/ALFA_DATA/alfasymlink/root/proc/1626/task/7413/fdinfo/6
[Sat Jul 25 01:42:10.655860 2026] [core:error] [pid 1956487:tid 1956507] (13)Permission denied: [client 216.73.217.106:58824] AH00132: file permissions deny server access: /home/grupolubru/public_html/ALFA_DATA/alfasymlink/root/proc/758313/mountstats
[Sat Jul 25 01:42:10.669591 2026] [core:error] [pid 1991748:tid 1991765] (13)Permission denied: [client 82.102.18.222:33648] AH00132: file permissions deny server access: /home/chammascorretora/public_html/wp-content/plugins/fmghvodcvz/configLDI/Jump/0-chammascorretora/wp-content/plugins/fmghvodcvz/configLDI/Jump/0-chammascorretora/wp-content/plugins/fmghvodcvz/configLDI/Jump/0-fundacao/ALFA_DATA/alfasymlink/root/home/grupolubru/www/ALFA_DATA/alfasymlink/root/proc/1626/task/7413/fdinfo/7
[Sat Jul 25 01:42:10.745926 2026] [authz_core:error] [pid 1956487:tid 1956513] [client 185.177.72.100:8324] AH01630: client denied by server configuration: /home/samurai/public_html/error_log
[Sat Jul 25 01:42:10.956884 2026] [core:error] [pid 1991748:tid 1991762] (13)Permission denied: [client 82.102.18.222:33648] AH00132: file permissions deny server access: /home/chammascorretora/public_html/wp-content/plugins/fmghvodcvz/configLDI/Jump/0-chammascorretora/wp-content/plugins/fmghvodcvz/configLDI/Jump/0-chammascorretora/wp-content/plugins/fmghvodcvz/configLDI/Jump/0-fundacao/ALFA_DATA/alfasymlink/root/home/grupolubru/www/ALFA_DATA/alfasymlink/root/proc/1626/task/7413/io
[Sat Jul 25 01:42:11.090788 2026] [authz_core:error] [pid 1978272:tid 1978303] [client 57.141.18.19:43858] AH01630: client denied by server configuration: /home/fundacao/public_html/error_log
[Sat Jul 25 01:42:11.093595 2026] [authz_core:error] [pid 1978272:tid 1978295] [client 185.177.72.100:8338] AH01630: client denied by server configuration: /home/samurai/public_html/error_log
[Sat Jul 25 01:42:11.100107 2026] [core:error] [pid 1991748:tid 1991765] (13)Permission denied: [client 82.102.18.222:33648] AH00132: file permissions deny server access: /home/chammascorretora/public_html/wp-content/plugins/fmghvodcvz/configLDI/Jump/0-chammascorretora/wp-content/plugins/fmghvodcvz/configLDI/Jump/0-chammascorretora/wp-content/plugins/fmghvodcvz/configLDI/Jump/0-fundacao/ALFA_DATA/alfasymlink/root/home/grupolubru/www/ALFA_DATA/alfasymlink/root/proc/1626/task/7413/ksm_merging_pages
[Sat Jul 25 01:42:11.243725 2026] [core:error] [pid 1991748:tid 1991757] (13)Permission denied: [client 82.102.18.222:33648] AH00132: file permissions deny server access: /home/chammascorretora/public_html/wp-content/plugins/fmghvodcvz/configLDI/Jump/0-chammascorretora/wp-content/plugins/fmghvodcvz/configLDI/Jump/0-chammascorretora/wp-content/plugins/fmghvodcvz/configLDI/Jump/0-fundacao/ALFA_DATA/alfasymlink/root/home/grupolubru/www/ALFA_DATA/alfasymlink/root/proc/1626/task/7413/ksm_stat
[Sat Jul 25 01:42:11.385465 2026] [core:error] [pid 1978272:tid 1978291] (13)Permission denied: [client 216.73.217.106:28003] AH00132: file permissions deny server access: /home/grupolubru/public_html/ALFA_DATA/alfasymlink/root/proc/1549/maps
[Sat Jul 25 01:42:11.434574 2026] [authz_core:error] [pid 1956489:tid 1956586] [client 185.177.72.100:8352] AH01630: client denied by server configuration: /home/samurai/public_html/error_log
[Sat Jul 25 01:42:11.475797 2026] [core:error] [pid 1978272:tid 1978287] (13)Permission denied: [client 216.73.217.106:28003] AH00132: file permissions deny server access: /home/grupolubru/public_html/ALFA_DATA/alfasymlink/root/proc/84/mountstats
[Sat Jul 25 01:42:11.573500 2026] [authz_core:error] [pid 1991748:tid 1991779] [client 57.141.18.78:37318] AH01630: client denied by server configuration: /home/fundacao/public_html/error_log
[Sat Jul 25 01:42:11.672485 2026] [core:error] [pid 1991748:tid 1991759] (13)Permission denied: [client 82.102.18.222:33648] AH00132: file permissions deny server access: /home/chammascorretora/public_html/wp-content/plugins/fmghvodcvz/configLDI/Jump/0-chammascorretora/wp-content/plugins/fmghvodcvz/configLDI/Jump/0-chammascorretora/wp-content/plugins/fmghvodcvz/configLDI/Jump/0-fundacao/ALFA_DATA/alfasymlink/root/home/grupolubru/www/ALFA_DATA/alfasymlink/root/proc/1626/task/7413/maps
[Sat Jul 25 01:42:11.735068 2026] [authz_core:error] [pid 1978272:tid 1978298] [client 57.141.18.37:55136] AH01630: client denied by server configuration: /home/fundacao/public_html/error_log
[Sat Jul 25 01:42:11.766775 2026] [authz_core:error] [pid 1956487:tid 1956502] [client 185.177.72.100:8368] AH01630: client denied by server configuration: /home/samurai/public_html/error_log
[Sat Jul 25 01:42:11.815962 2026] [core:error] [pid 1991748:tid 1991766] (13)Permission denied: [client 82.102.18.222:33648] AH00132: file permissions deny server access: /home/chammascorretora/public_html/wp-content/plugins/fmghvodcvz/configLDI/Jump/0-chammascorretora/wp-content/plugins/fmghvodcvz/configLDI/Jump/0-chammascorretora/wp-content/plugins/fmghvodcvz/configLDI/Jump/0-fundacao/ALFA_DATA/alfasymlink/root/home/grupolubru/www/ALFA_DATA/alfasymlink/root/proc/1626/task/7413/mem
[Sat Jul 25 01:42:11.928341 2026] [authz_core:error] [pid 1991748:tid 1991757] [client 57.141.18.59:30288] AH01630: client denied by server configuration: /home/fundacao/public_html/error_log
[Sat Jul 25 01:42:12.070483 2026] [authz_core:error] [pid 1991748:tid 1991775] [client 185.177.72.100:8372] AH01630: client denied by server configuration: /home/samurai/public_html/error_log
[Sat Jul 25 01:42:12.146194 2026] [authz_core:error] [pid 1978272:tid 1978297] [client 57.141.18.48:59858] AH01630: client denied by server configuration: /home/fundacao/public_html/error_log
[Sat Jul 25 01:42:12.410419 2026] [authz_core:error] [pid 1991748:tid 1991757] [client 185.177.72.100:8376] AH01630: client denied by server configuration: /home/samurai/public_html/error_log
[Sat Jul 25 01:42:12.544467 2026] [authz_core:error] [pid 1991748:tid 1991775] [client 57.141.18.10:51050] AH01630: client denied by server configuration: /home/fundacao/public_html/error_log
[Sat Jul 25 01:42:12.709953 2026] [authz_core:error] [pid 1956491:tid 1956577] [client 185.177.72.100:8386] AH01630: client denied by server configuration: /home/samurai/public_html/error_log
[Sat Jul 25 01:42:13.014724 2026] [authz_core:error] [pid 1956491:tid 1956596] [client 185.177.72.100:8392] AH01630: client denied by server configuration: /home/samurai/public_html/error_log
[Sat Jul 25 01:42:13.241411 2026] [authz_core:error] [pid 1956491:tid 1956596] [client 57.141.6.20:65142] AH01630: client denied by server configuration: /home/samurai/public_html/error_log
[Sat Jul 25 01:42:13.322295 2026] [authz_core:error] [pid 1956489:tid 1956634] [client 185.177.72.100:8400] AH01630: client denied by server configuration: /home/samurai/public_html/error_log
[Sat Jul 25 01:42:13.495762 2026] [core:error] [pid 1978272:tid 1978300] (13)Permission denied: [client 216.73.217.106:28003] AH00132: file permissions deny server access: /home/grupolubru/public_html/ALFA_DATA/alfasymlink/root/proc/96/mountstats
[Sat Jul 25 01:42:13.654869 2026] [authz_core:error] [pid 1956487:tid 1956502] [client 185.177.72.100:8406] AH01630: client denied by server configuration: /home/samurai/public_html/error_log
[Sat Jul 25 01:42:13.701519 2026] [authz_core:error] [pid 1978272:tid 1978295] [client 57.141.22.34:60830] AH01630: client denied by server configuration: /home/samurai/public_html/error_log
[Sat Jul 25 01:42:13.801691 2026] [authz_core:error] [pid 1991748:tid 1991766] [client 57.141.18.38:40078] AH01630: client denied by server configuration: /home/fundacao/public_html/error_log
[Sat Jul 25 01:42:13.859904 2026] [core:error] [pid 1978272:tid 1978301] (13)Permission denied: [client 216.73.217.106:28003] AH00132: file permissions deny server access: /home/grupolubru/public_html/ALFA_DATA/alfasymlink/root/proc/516796/syscall
[Sat Jul 25 01:42:13.958956 2026] [authz_core:error] [pid 1991748:tid 1991774] [client 185.177.72.100:8410] AH01630: client denied by server configuration: /home/samurai/public_html/error_log
[Sat Jul 25 01:42:14.080417 2026] [authz_core:error] [pid 1978272:tid 1978304] [client 57.141.18.84:51088] AH01630: client denied by server configuration: /home/fundacao/public_html/error_log
[Sat Jul 25 01:42:14.198494 2026] [authz_core:error] [pid 1991748:tid 1991762] [client 57.141.18.50:23052] AH01630: client denied by server configuration: /home/fundacao/public_html/error_log
[Sat Jul 25 01:42:14.307223 2026] [authz_core:error] [pid 1978272:tid 1978303] [client 185.177.72.100:8414] AH01630: client denied by server configuration: /home/samurai/public_html/error_log
[Sat Jul 25 01:42:14.346207 2026] [authz_core:error] [pid 1991748:tid 1991760] [client 57.141.18.57:64324] AH01630: client denied by server configuration: /home/fundacao/public_html/error_log
[Sat Jul 25 01:42:14.497972 2026] [ssl:error] [pid 1978272:tid 1978295] (70014)End of file found: [client 216.73.217.106:28003] AH02013: coalesce failed to read from data bucket
[Sat Jul 25 01:42:14.652539 2026] [authz_core:error] [pid 1991748:tid 1991766] [client 185.177.72.100:8430] AH01630: client denied by server configuration: /home/samurai/public_html/error_log
[Sat Jul 25 01:42:14.989541 2026] [authz_core:error] [pid 1956491:tid 1956596] [client 185.177.72.100:8444] AH01630: client denied by server configuration: /home/samurai/public_html/error_log
[Sat Jul 25 01:42:15.037742 2026] [authz_core:error] [pid 1956491:tid 1956596] [client 57.141.4.30:26130] AH01630: client denied by server configuration: /home/samurai/public_html/error_log
[Sat Jul 25 01:42:15.083962 2026] [core:crit] [pid 1991748:tid 1991757] (13)Permission denied: [client 103.162.65.192:60863] AH00529: /home/glof/public_html/.htaccess pcfg_openfile: unable to check htaccess file, ensure it is readable and that '/home/glof/public_html/' is executable
[Sat Jul 25 01:42:15.084065 2026] [core:crit] [pid 1991748:tid 1991757] (13)Permission denied: [client 103.162.65.192:60863] AH00529: /home/glof/public_html/.htaccess pcfg_openfile: unable to check htaccess file, ensure it is readable and that '/home/glof/public_html/' is executable
[Sat Jul 25 01:42:15.109781 2026] [lsapi:warn] [pid 1991748:tid 1991780] [client 152.58.163.220:51449] [host gjpengenharia.eng.br] Backend log: PHP Warning: require_once(/home/gjpengenharia/public_html/wp-load.php): Failed to open stream: No such file or directory in /home/gjpengenharia/public_html/xmlrpc.php on line 29\n
[Sat Jul 25 01:42:15.109838 2026] [lsapi:error] [pid 1991748:tid 1991780] [client 152.58.163.220:51449] [host gjpengenharia.eng.br] Backend fatal error: PHP Fatal error: Uncaught Error: Failed opening required '/home/gjpengenharia/public_html/wp-load.php' (include_path='.:/opt/cpanel/ea-php82/root/usr/share/pear') in /home/gjpengenharia/public_html/xmlrpc.php:29\nStack trace:\n#0 {main}\n thrown in /home/gjpengenharia/public_html/xmlrpc.php on line 29\n
[Sat Jul 25 01:42:15.135120 2026] [core:error] [pid 1991748:tid 1991774] (13)Permission denied: [client 216.73.217.106:45438] AH00132: file permissions deny server access: /home/grupolubru/public_html/ALFA_DATA/alfasymlink/root/proc/516693/maps
[Sat Jul 25 01:42:15.316447 2026] [core:error] [pid 1956487:tid 1956512] (13)Permission denied: [client 216.73.217.106:58824] AH00132: file permissions deny server access: /home/grupolubru/public_html/ALFA_DATA/alfasymlink/root/proc/3179/syscall
[Sat Jul 25 01:42:15.332051 2026] [authz_core:error] [pid 1956488:tid 1956548] [client 185.177.72.100:8456] AH01630: client denied by server configuration: /home/samurai/public_html/error_log
[Sat Jul 25 01:42:15.454510 2026] [core:error] [pid 1991748:tid 1991766] (13)Permission denied: [client 82.102.18.222:33648] AH00132: file permissions deny server access: /home/chammascorretora/public_html/wp-content/plugins/fmghvodcvz/configLDI/Jump/0-chammascorretora/wp-content/plugins/fmghvodcvz/configLDI/Jump/0-chammascorretora/wp-content/plugins/fmghvodcvz/configLDI/Jump/0-fundacao/ALFA_DATA/alfasymlink/root/home/grupolubru/www/ALFA_DATA/alfasymlink/root/proc/1626/task/7413/net/ip_tables_names
[Sat Jul 25 01:42:15.644510 2026] [authz_core:error] [pid 1991748:tid 1991780] [client 185.177.72.100:8468] AH01630: client denied by server configuration: /home/samurai/public_html/error_log
[Sat Jul 25 01:42:15.704651 2026] [authz_core:error] [pid 1991748:tid 1991760] [client 54.37.86.223:40966] AH01630: client denied by server configuration: /home/chammascorretora/public_html/wp-includes/l10n/error_log
[Sat Jul 25 01:42:15.797113 2026] [access_compat:error] [pid 1956491:tid 1956596] [client 158.140.166.52:17743] AH01797: client denied by server configuration: /home/farosolutions/public_html/xmlrpc.php
[Sat Jul 25 01:42:15.988455 2026] [authz_core:error] [pid 1956491:tid 1956596] [client 185.177.72.100:8482] AH01630: client denied by server configuration: /home/samurai/public_html/error_log
[Sat Jul 25 01:42:16.214372 2026] [access_compat:error] [pid 1978272:tid 1978297] [client 185.191.171.12:21450] AH01797: client denied by server configuration: /home/grupolubru/public_html/wp-load.php
[Sat Jul 25 01:42:16.214446 2026] [access_compat:error] [pid 1978272:tid 1978297] [client 185.191.171.12:21450] AH01797: client denied by server configuration: /home/grupolubru/public_html/wp-config.php
[Sat Jul 25 01:42:16.214476 2026] [access_compat:error] [pid 1978272:tid 1978297] [client 185.191.171.12:21450] AH01797: client denied by server configuration: /home/grupolubru/public_html/wp-mail.php
[Sat Jul 25 01:42:16.214503 2026] [access_compat:error] [pid 1978272:tid 1978297] [client 185.191.171.12:21450] AH01797: client denied by server configuration: /home/grupolubru/public_html/wp-links-opml.php
[Sat Jul 25 01:42:16.214549 2026] [access_compat:error] [pid 1978272:tid 1978297] [client 185.191.171.12:21450] AH01797: client denied by server configuration: /home/grupolubru/public_html/wp-trackback.php
[Sat Jul 25 01:42:16.214809 2026] [access_compat:error] [pid 1978272:tid 1978297] [client 185.191.171.12:21450] AH01797: client denied by server configuration: /home/grupolubru/public_html/wp-signup.php
[Sat Jul 25 01:42:16.215036 2026] [access_compat:error] [pid 1978272:tid 1978297] [client 185.191.171.12:21450] AH01797: client denied by server configuration: /home/grupolubru/public_html/wp-blog-header.php
[Sat Jul 25 01:42:16.215275 2026] [access_compat:error] [pid 1978272:tid 1978297] [client 185.191.171.12:21450] AH01797: client denied by server configuration: /home/grupolubru/public_html/wp-config-sample.php
[Sat Jul 25 01:42:16.215326 2026] [access_compat:error] [pid 1978272:tid 1978297] [client 185.191.171.12:21450] AH01797: client denied by server configuration: /home/grupolubru/public_html/wp-settings.php
[Sat Jul 25 01:42:16.215419 2026] [authz_core:error] [pid 1978272:tid 1978297] [client 185.191.171.12:21450] AH01630: client denied by server configuration: /home/grupolubru/public_html/error_log
[Sat Jul 25 01:42:16.215465 2026] [access_compat:error] [pid 1978272:tid 1978297] [client 185.191.171.12:21450] AH01797: client denied by server configuration: /home/grupolubru/public_html/wp-cron.php
[Sat Jul 25 01:42:16.215684 2026] [access_compat:error] [pid 1978272:tid 1978297] [client 185.191.171.12:21450] AH01797: client denied by server configuration: /home/grupolubru/public_html/xmlrpc.php
[Sat Jul 25 01:42:16.215715 2026] [access_compat:error] [pid 1978272:tid 1978297] [client 185.191.171.12:21450] AH01797: client denied by server configuration: /home/grupolubru/public_html/main.php
[Sat Jul 25 01:42:16.215747 2026] [access_compat:error] [pid 1978272:tid 1978297] [client 185.191.171.12:21450] AH01797: client denied by server configuration: /home/grupolubru/public_html/wp-comments-post.php
[Sat Jul 25 01:42:16.215772 2026] [access_compat:error] [pid 1978272:tid 1978297] [client 185.191.171.12:21450] AH01797: client denied by server configuration: /home/grupolubru/public_html/wp-activate.php
[Sat Jul 25 01:42:16.283335 2026] [authz_core:error] [pid 1956487:tid 1956507] [client 57.141.18.44:60948] AH01630: client denied by server configuration: /home/samurai/public_html/error_log
[Sat Jul 25 01:42:16.328086 2026] [authz_core:error] [pid 1956491:tid 1956596] [client 185.177.72.100:8488] AH01630: client denied by server configuration: /home/samurai/public_html/error_log
[Sat Jul 25 01:42:16.333329 2026] [autoindex:error] [pid 1991748:tid 1991758] (13)Permission denied: [client 216.73.217.106:45438] AH01275: Can't open directory for index: /home/grupolubru/public_html/ALFA_DATA/alfasymlink/root/usr/share/empty.sshd/
[Sat Jul 25 01:42:16.496493 2026] [authz_core:error] [pid 1978272:tid 1978286] [client 57.141.24.51:38084] AH01630: client denied by server configuration: /home/samurai/public_html/error_log
[Sat Jul 25 01:42:16.516824 2026] [ssl:error] [pid 1991748:tid 1991757] (70014)End of file found: [client 216.73.217.106:45438] AH02013: coalesce failed to read from data bucket
[Sat Jul 25 01:42:16.608778 2026] [core:error] [pid 1956487:tid 1956513] [client 216.73.217.106:58824] AH00038: Forbidden: /home/grupolubru/public_html/ALFA_DATA/alfasymlink/root/proc/thread-self/fd/40 doesn't point to a file or directory
[Sat Jul 25 01:42:16.643159 2026] [authz_core:error] [pid 1956487:tid 1956518] [client 185.177.72.100:8502] AH01630: client denied by server configuration: /home/samurai/public_html/error_log
[Sat Jul 25 01:42:16.841155 2026] [core:error] [pid 1991748:tid 1991771] (13)Permission denied: [client 82.102.18.222:33648] AH00132: file permissions deny server access: /home/chammascorretora/public_html/wp-content/plugins/fmghvodcvz/configLDI/Jump/0-chammascorretora/wp-content/plugins/fmghvodcvz/configLDI/Jump/0-chammascorretora/wp-content/plugins/fmghvodcvz/configLDI/Jump/0-fundacao/ALFA_DATA/alfasymlink/root/home/grupolubru/www/ALFA_DATA/alfasymlink/root/proc/1626/task/7413/net/nf_conntrack
[Sat Jul 25 01:42:16.992105 2026] [authz_core:error] [pid 1956488:tid 1956551] [client 185.177.72.100:8518] AH01630: client denied by server configuration: /home/samurai/public_html/error_log
[Sat Jul 25 01:42:17.290209 2026] [core:error] [pid 1956487:tid 1956510] (13)Permission denied: [client 216.73.217.106:58824] AH00132: file permissions deny server access: /home/grupolubru/public_html/ALFA_DATA/alfasymlink/root/proc/516628/maps
[Sat Jul 25 01:42:17.334948 2026] [authz_core:error] [pid 1956490:tid 1956563] [client 185.177.72.100:12500] AH01630: client denied by server configuration: /home/samurai/public_html/error_log
[Sat Jul 25 01:42:17.674362 2026] [authz_core:error] [pid 1956489:tid 1956627] [client 54.37.86.223:34240] AH01630: client denied by server configuration: /home/chammascorretora/public_html/wp-includes/l10n/error_log
[Sat Jul 25 01:42:17.674741 2026] [authz_core:error] [pid 1956487:tid 1956518] [client 185.177.72.100:12502] AH01630: client denied by server configuration: /home/samurai/public_html/error_log
[Sat Jul 25 01:42:17.802093 2026] [core:error] [pid 1956487:tid 1956516] (13)Permission denied: [client 216.73.217.106:58824] AH00132: file permissions deny server access: /home/grupolubru/public_html/ALFA_DATA/alfasymlink/root/proc/sys/vm/drop_caches
[Sat Jul 25 01:42:17.880757 2026] [authz_core:error] [pid 1956487:tid 1956512] [client 57.141.0.27:55976] AH01630: client denied by server configuration: /home/samurai/public_html/error_log
[Sat Jul 25 01:42:18.024268 2026] [authz_core:error] [pid 1991748:tid 1991763] [client 185.177.72.100:12510] AH01630: client denied by server configuration: /home/samurai/public_html/error_log
[Sat Jul 25 01:42:18.166061 2026] [core:error] [pid 1991748:tid 1991765] (13)Permission denied: [client 216.73.217.106:53245] AH00132: file permissions deny server access: /home/grupolubru/public_html/ALFA_DATA/alfasymlink/root/proc/398539/mountstats
[Sat Jul 25 01:42:18.174325 2026] [access_compat:error] [pid 1991748:tid 1991762] [client 162.214.67.83:53322] AH01797: client denied by server configuration: /home/pietradimarmo/public_html/wp-cron.php
[Sat Jul 25 01:42:18.222948 2026] [access_compat:error] [pid 1991748:tid 1991774] [client 162.214.67.83:53338] AH01797: client denied by server configuration: /home/pietradimarmo/public_html/wp-cron.php
[Sat Jul 25 01:42:18.301572 2026] [authz_core:error] [pid 1956490:tid 1956569] [client 57.141.18.35:65074] AH01630: client denied by server configuration: /home/fundacao/public_html/error_log
[Sat Jul 25 01:42:18.311647 2026] [authz_core:error] [pid 1956490:tid 1956588] [client 57.141.18.125:34502] AH01630: client denied by server configuration: /home/fundacao/public_html/error_log
[Sat Jul 25 01:42:18.323804 2026] [authz_core:error] [pid 1956490:tid 1956590] [client 185.177.72.100:12522] AH01630: client denied by server configuration: /home/samurai/public_html/error_log
[Sat Jul 25 01:42:18.440521 2026] [core:error] [pid 1991748:tid 1991775] (13)Permission denied: [client 216.73.217.106:53245] AH00132: file permissions deny server access: /home/grupolubru/public_html/ALFA_DATA/alfasymlink/root/sys/module/nft_limit/uevent
[Sat Jul 25 01:42:18.588550 2026] [authz_core:error] [pid 1978272:tid 1978291] [client 57.141.18.104:25770] AH01630: client denied by server configuration: /home/fundacao/public_html/error_log
[Sat Jul 25 01:42:18.651232 2026] [authz_core:error] [pid 1956489:tid 1956611] [client 185.177.72.100:12524] AH01630: client denied by server configuration: /home/samurai/public_html/error_log
[Sat Jul 25 01:42:18.878170 2026] [authz_core:error] [pid 1956488:tid 1956546] [client 57.141.18.65:33844] AH01630: client denied by server configuration: /home/fundacao/public_html/error_log
[Sat Jul 25 01:42:18.923434 2026] [authz_core:error] [pid 1956489:tid 1956613] [client 57.141.18.55:53190] AH01630: client denied by server configuration: /home/fundacao/public_html/error_log
[Sat Jul 25 01:42:18.963931 2026] [authz_core:error] [pid 1956490:tid 1956561] [client 185.177.72.100:12530] AH01630: client denied by server configuration: /home/samurai/public_html/error_log
[Sat Jul 25 01:42:19.098481 2026] [authz_core:error] [pid 1956487:tid 1956510] [client 57.141.18.16:20760] AH01630: client denied by server configuration: /home/samurai/public_html/error_log
[Sat Jul 25 01:42:19.214162 2026] [authz_core:error] [pid 1956489:tid 1956601] [client 54.37.86.223:34240] AH01630: client denied by server configuration: /home/chammascorretora/public_html/wp-includes/l10n/error_log
[Sat Jul 25 01:42:19.265116 2026] [access_compat:error] [pid 1991748:tid 1991760] [client 216.73.217.106:35797] AH01797: client denied by server configuration: /home/grupolubru/public_html/wp-includes/php-ai-client/src/Files/DTO/File.php
[Sat Jul 25 01:42:19.308422 2026] [authz_core:error] [pid 1956487:tid 1956507] [client 185.177.72.100:12546] AH01630: client denied by server configuration: /home/samurai/public_html/error_log
[Sat Jul 25 01:42:19.623586 2026] [authz_core:error] [pid 1956487:tid 1956502] [client 185.177.72.100:12550] AH01630: client denied by server configuration: /home/samurai/public_html/error_log
[Sat Jul 25 01:42:19.685135 2026] [access_compat:error] [pid 1956487:tid 1956518] [client 162.214.67.83:53352] AH01797: client denied by server configuration: /home/pietradimarmo/public_html/wp-cron.php
[Sat Jul 25 01:42:19.813998 2026] [access_compat:error] [pid 1991748:tid 1991780] [client 216.73.217.106:19249] AH01797: client denied by server configuration: /home/grupolubru/public_html/wp-includes/js/dist/script-modules/registry.php
[Sat Jul 25 01:42:19.970062 2026] [authz_core:error] [pid 1956487:tid 1956509] [client 185.177.72.100:12552] AH01630: client denied by server configuration: /home/samurai/public_html/error_log
[Sat Jul 25 01:42:19.985550 2026] [access_compat:error] [pid 1978272:tid 1978304] [client 162.214.67.83:53364] AH01797: client denied by server configuration: /home/perfume/public_html/wp-cron.php
[Sat Jul 25 01:42:19.987566 2026] [access_compat:error] [pid 1991748:tid 1991766] [client 162.214.67.83:53370] AH01797: client denied by server configuration: /home/perfume/public_html/wp-cron.php
[Sat Jul 25 01:42:20.315881 2026] [authz_core:error] [pid 1991748:tid 1991763] [client 185.177.72.100:12560] AH01630: client denied by server configuration: /home/samurai/public_html/error_log
[Sat Jul 25 01:42:20.366084 2026] [authz_core:error] [pid 1991748:tid 1991759] [client 57.141.18.67:41576] AH01630: client denied by server configuration: /home/fundacao/public_html/error_log
[Sat Jul 25 01:42:20.414522 2026] [access_compat:error] [pid 1978272:tid 1978284] [client 162.214.67.83:54598] AH01797: client denied by server configuration: /home/perfume/public_html/wp-cron.php
[Sat Jul 25 01:42:20.630548 2026] [authz_core:error] [pid 1991748:tid 1991763] [client 185.177.72.100:12564] AH01630: client denied by server configuration: /home/samurai/public_html/error_log
[Sat Jul 25 01:42:20.833549 2026] [authz_core:error] [pid 1978272:tid 1978282] [client 57.141.14.77:39652] AH01630: client denied by server configuration: /home/samurai/public_html/error_log
[Sat Jul 25 01:42:20.968190 2026] [authz_core:error] [pid 1956490:tid 1956590] [client 185.177.72.100:12578] AH01630: client denied by server configuration: /home/samurai/public_html/error_log
[Sat Jul 25 01:42:21.091516 2026] [authz_core:error] [pid 1956487:tid 1956516] [client 57.141.18.39:42382] AH01630: client denied by server configuration: /home/fundacao/public_html/error_log
[Sat Jul 25 01:42:21.183810 2026] [authz_core:error] [pid 1991748:tid 1991763] [client 57.141.18.99:52152] AH01630: client denied by server configuration: /home/fundacao/public_html/error_log
[Sat Jul 25 01:42:21.211647 2026] [autoindex:error] [pid 1956489:tid 1956589] (13)Permission denied: [client 82.102.18.222:50640] AH01275: Can't open directory for index: /home/chammascorretora/public_html/wp-content/plugins/fmghvodcvz/configLDI/Jump/0-chammascorretora/wp-content/plugins/fmghvodcvz/configLDI/Jump/0-chammascorretora/wp-content/plugins/fmghvodcvz/configLDI/Jump/0-fundacao/ALFA_DATA/alfasymlink/root/home/grupolubru/www/ALFA_DATA/alfasymlink/root/proc/1626/task/7413/ns/
[Sat Jul 25 01:42:21.272947 2026] [authz_core:error] [pid 1991748:tid 1991765] [client 185.177.72.100:12588] AH01630: client denied by server configuration: /home/samurai/public_html/error_log
[Sat Jul 25 01:42:21.355048 2026] [core:error] [pid 1956489:tid 1956637] (13)Permission denied: [client 82.102.18.222:50640] AH00132: file permissions deny server access: /home/chammascorretora/public_html/wp-content/plugins/fmghvodcvz/configLDI/Jump/0-chammascorretora/wp-content/plugins/fmghvodcvz/configLDI/Jump/0-chammascorretora/wp-content/plugins/fmghvodcvz/configLDI/Jump/0-fundacao/ALFA_DATA/alfasymlink/root/home/grupolubru/www/ALFA_DATA/alfasymlink/root/proc/1626/task/7413/numa_maps
[Sat Jul 25 01:42:21.483430 2026] [access_compat:error] [pid 1991748:tid 1991759] [client 162.214.67.83:53396] AH01797: client denied by server configuration: /home/perfume/public_html/wp-cron.php
[Sat Jul 25 01:42:21.578600 2026] [authz_core:error] [pid 1991748:tid 1991763] [client 185.177.72.100:12598] AH01630: client denied by server configuration: /home/samurai/public_html/error_log
[Sat Jul 25 01:42:21.901433 2026] [core:error] [pid 1956489:tid 1956607] (13)Permission denied: [client 82.102.18.222:50640] AH00132: file permissions deny server access: /home/chammascorretora/public_html/wp-content/plugins/fmghvodcvz/configLDI/Jump/0-chammascorretora/wp-content/plugins/fmghvodcvz/configLDI/Jump/0-chammascorretora/wp-content/plugins/fmghvodcvz/configLDI/Jump/0-fundacao/ALFA_DATA/alfasymlink/root/home/grupolubru/www/ALFA_DATA/alfasymlink/root/proc/1626/task/7413/pagemap
[Sat Jul 25 01:42:21.914747 2026] [authz_core:error] [pid 1978272:tid 1978298] [client 185.177.72.100:12602] AH01630: client denied by server configuration: /home/samurai/public_html/error_log
[Sat Jul 25 01:42:22.038318 2026] [core:error] [pid 1956489:tid 1956581] (13)Permission denied: [client 82.102.18.222:50640] AH00132: file permissions deny server access: /home/chammascorretora/public_html/wp-content/plugins/fmghvodcvz/configLDI/Jump/0-chammascorretora/wp-content/plugins/fmghvodcvz/configLDI/Jump/0-chammascorretora/wp-content/plugins/fmghvodcvz/configLDI/Jump/0-fundacao/ALFA_DATA/alfasymlink/root/home/grupolubru/www/ALFA_DATA/alfasymlink/root/proc/1626/task/7413/patch_state
[Sat Jul 25 01:42:22.175245 2026] [core:error] [pid 1956489:tid 1956613] (13)Permission denied: [client 82.102.18.222:50640] AH00132: file permissions deny server access: /home/chammascorretora/public_html/wp-content/plugins/fmghvodcvz/configLDI/Jump/0-chammascorretora/wp-content/plugins/fmghvodcvz/configLDI/Jump/0-chammascorretora/wp-content/plugins/fmghvodcvz/configLDI/Jump/0-fundacao/ALFA_DATA/alfasymlink/root/home/grupolubru/www/ALFA_DATA/alfasymlink/root/proc/1626/task/7413/personality
[Sat Jul 25 01:42:22.189003 2026] [authz_core:error] [pid 1956490:tid 1956563] [client 57.141.18.96:45044] AH01630: client denied by server configuration: /home/fundacao/public_html/error_log
[Sat Jul 25 01:42:22.224024 2026] [authz_core:error] [pid 1978272:tid 1978302] [client 185.177.72.100:12618] AH01630: client denied by server configuration: /home/samurai/public_html/error_log
[Sat Jul 25 01:42:22.427985 2026] [authz_core:error] [pid 1991748:tid 1991762] [client 57.141.18.48:61382] AH01630: client denied by server configuration: /home/fundacao/public_html/error_log
[Sat Jul 25 01:42:22.566091 2026] [authz_core:error] [pid 1956487:tid 1956504] [client 185.177.72.100:12628] AH01630: client denied by server configuration: /home/samurai/public_html/error_log
[Sat Jul 25 01:42:22.786518 2026] [core:error] [pid 1991748:tid 1991774] (13)Permission denied: [client 216.73.217.106:35797] AH00132: file permissions deny server access: /home/grupolubru/public_html/ALFA_DATA/alfasymlink/root/proc/758232/maps
[Sat Jul 25 01:42:22.910885 2026] [authz_core:error] [pid 1991748:tid 1991765] [client 185.177.72.100:12638] AH01630: client denied by server configuration: /home/samurai/public_html/error_log
[Sat Jul 25 01:42:23.010568 2026] [core:error] [pid 1956489:tid 1956611] (13)Permission denied: [client 82.102.18.222:50640] AH00132: file permissions deny server access: /home/chammascorretora/public_html/wp-content/plugins/fmghvodcvz/configLDI/Jump/0-chammascorretora/wp-content/plugins/fmghvodcvz/configLDI/Jump/0-chammascorretora/wp-content/plugins/fmghvodcvz/configLDI/Jump/0-fundacao/ALFA_DATA/alfasymlink/root/home/grupolubru/www/ALFA_DATA/alfasymlink/root/proc/1626/task/7413/smaps
